{"version":"1.0","provider_name":"Noticias Radio Reflejos","provider_url":"https:\/\/www.noticiasradioreflejos.com.ar\/2021","author_name":"Arnaldo Botto","author_url":"https:\/\/www.noticiasradioreflejos.com.ar\/2021\/author\/arnaldo\/","title":"Vuelco en la \"Curva de las Vertientes\", acceso secundario a Villa Ventana. - Noticias Radio Reflejos","type":"rich","width":600,"height":338,"html":"<blockquote class=\"wp-embedded-content\" data-secret=\"HizVBz9VHR\"><a href=\"https:\/\/www.noticiasradioreflejos.com.ar\/2021\/urgente-siniestro-vial-en-ruta-76\/\">Vuelco en la \u00abCurva de las Vertientes\u00bb, acceso secundario a Villa Ventana.<\/a><\/blockquote><iframe sandbox=\"allow-scripts\" security=\"restricted\" src=\"https:\/\/www.noticiasradioreflejos.com.ar\/2021\/urgente-siniestro-vial-en-ruta-76\/embed\/#?secret=HizVBz9VHR\" width=\"600\" height=\"338\" title=\"\u00abVuelco en la \u00abCurva de las Vertientes\u00bb, acceso secundario a Villa Ventana.\u00bb \u2014 Noticias Radio Reflejos\" data-secret=\"HizVBz9VHR\" frameborder=\"0\" marginwidth=\"0\" marginheight=\"0\" scrolling=\"no\" class=\"wp-embedded-content\"><\/iframe><script type=\"text\/javascript\">\n\/* <![CDATA[ *\/\n\/*! This file is auto-generated *\/\n!function(d,l){\"use strict\";l.querySelector&&d.addEventListener&&\"undefined\"!=typeof URL&&(d.wp=d.wp||{},d.wp.receiveEmbedMessage||(d.wp.receiveEmbedMessage=function(e){var t=e.data;if((t||t.secret||t.message||t.value)&&!\/[^a-zA-Z0-9]\/.test(t.secret)){for(var s,r,n,a=l.querySelectorAll('iframe[data-secret=\"'+t.secret+'\"]'),o=l.querySelectorAll('blockquote[data-secret=\"'+t.secret+'\"]'),c=new RegExp(\"^https?:$\",\"i\"),i=0;i<o.length;i++)o[i].style.display=\"none\";for(i=0;i<a.length;i++)s=a[i],e.source===s.contentWindow&&(s.removeAttribute(\"style\"),\"height\"===t.message?(1e3<(r=parseInt(t.value,10))?r=1e3:~~r<200&&(r=200),s.height=r):\"link\"===t.message&&(r=new URL(s.getAttribute(\"src\")),n=new URL(t.value),c.test(n.protocol))&&n.host===r.host&&l.activeElement===s&&(d.top.location.href=t.value))}},d.addEventListener(\"message\",d.wp.receiveEmbedMessage,!1),l.addEventListener(\"DOMContentLoaded\",function(){for(var e,t,s=l.querySelectorAll(\"iframe.wp-embedded-content\"),r=0;r<s.length;r++)(t=(e=s[r]).getAttribute(\"data-secret\"))||(t=Math.random().toString(36).substring(2,12),e.src+=\"#?secret=\"+t,e.setAttribute(\"data-secret\",t)),e.contentWindow.postMessage({message:\"ready\",secret:t},\"*\")},!1)))}(window,document);\n\/\/# sourceURL=https:\/\/www.noticiasradioreflejos.com.ar\/2021\/wp-includes\/js\/wp-embed.min.js\n\/* ]]> *\/\n<\/script>\n","thumbnail_url":"https:\/\/www.noticiasradioreflejos.com.ar\/2021\/wp-content\/uploads\/2026\/01\/vuelco-VV-1.jpeg","thumbnail_width":1280,"thumbnail_height":720,"description":"Alrededor de las 09:20 hs. de este lunes, se tom\u00f3 conocimiento a trav\u00e9s de la red radial sobre un accidente de tr\u00e1nsito ocurrido en la Ruta Provincial 76, espec\u00edficamente en la zona conocida como la \u00abCurva de las Vertientes\u00bb, frente al acceso secundario de Villa Ventana."}

Alrededor de las 09:20 hs. de este lunes, se tomó conocimiento a través de la red radial sobre un accidente de tránsito ocurrido en la Ruta Provincial 76, específicamente en la zona conocida como la «Curva de las Vertientes», frente al acceso secundario de Villa Ventana.
