{"version":"1.0","provider_name":"Noticias Radio Reflejos","provider_url":"https:\/\/www.noticiasradioreflejos.com.ar\/2021","author_name":"Arnaldo Botto","author_url":"https:\/\/www.noticiasradioreflejos.com.ar\/2021\/author\/arnaldo\/","title":"Turf: Don Negro celebr\u00f3 Pascuas en Tornquist - Noticias Radio Reflejos","type":"rich","width":600,"height":338,"html":"<blockquote class=\"wp-embedded-content\" data-secret=\"wM0shfxkZy\"><a href=\"https:\/\/www.noticiasradioreflejos.com.ar\/2021\/turf-don-negro-celebro-pascuas-en-tornquist\/\">Turf: Don Negro celebr\u00f3 Pascuas en Tornquist<\/a><\/blockquote><iframe sandbox=\"allow-scripts\" security=\"restricted\" src=\"https:\/\/www.noticiasradioreflejos.com.ar\/2021\/turf-don-negro-celebro-pascuas-en-tornquist\/embed\/#?secret=wM0shfxkZy\" width=\"600\" height=\"338\" title=\"\u00abTurf: Don Negro celebr\u00f3 Pascuas en Tornquist\u00bb \u2014 Noticias Radio Reflejos\" data-secret=\"wM0shfxkZy\" frameborder=\"0\" marginwidth=\"0\" marginheight=\"0\" scrolling=\"no\" class=\"wp-embedded-content\"><\/iframe><script type=\"text\/javascript\">\n\/* <![CDATA[ *\/\n\/*! This file is auto-generated *\/\n!function(d,l){\"use strict\";l.querySelector&&d.addEventListener&&\"undefined\"!=typeof URL&&(d.wp=d.wp||{},d.wp.receiveEmbedMessage||(d.wp.receiveEmbedMessage=function(e){var t=e.data;if((t||t.secret||t.message||t.value)&&!\/[^a-zA-Z0-9]\/.test(t.secret)){for(var s,r,n,a=l.querySelectorAll('iframe[data-secret=\"'+t.secret+'\"]'),o=l.querySelectorAll('blockquote[data-secret=\"'+t.secret+'\"]'),c=new RegExp(\"^https?:$\",\"i\"),i=0;i<o.length;i++)o[i].style.display=\"none\";for(i=0;i<a.length;i++)s=a[i],e.source===s.contentWindow&&(s.removeAttribute(\"style\"),\"height\"===t.message?(1e3<(r=parseInt(t.value,10))?r=1e3:~~r<200&&(r=200),s.height=r):\"link\"===t.message&&(r=new URL(s.getAttribute(\"src\")),n=new URL(t.value),c.test(n.protocol))&&n.host===r.host&&l.activeElement===s&&(d.top.location.href=t.value))}},d.addEventListener(\"message\",d.wp.receiveEmbedMessage,!1),l.addEventListener(\"DOMContentLoaded\",function(){for(var e,t,s=l.querySelectorAll(\"iframe.wp-embedded-content\"),r=0;r<s.length;r++)(t=(e=s[r]).getAttribute(\"data-secret\"))||(t=Math.random().toString(36).substring(2,12),e.src+=\"#?secret=\"+t,e.setAttribute(\"data-secret\",t)),e.contentWindow.postMessage({message:\"ready\",secret:t},\"*\")},!1)))}(window,document);\n\/\/# sourceURL=https:\/\/www.noticiasradioreflejos.com.ar\/2021\/wp-includes\/js\/wp-embed.min.js\n\/* ]]> *\/\n<\/script>\n","description":"Se impuso en el Cl\u00e1sico Municipalidad de Tornquist, en la reuni\u00f3n organizada por C\u00e9sar Oteiza. Se corrieron 12 de las trece programadas. Aceptable jornada que deja la puerta abierta para la pr\u00f3xima del calendario. Pese a lo dif\u00edcil de la fecha donde se celebraban las pascuas, C\u00e9sar Oteiza se las ingeni\u00f3 para llevar adelante un [&hellip;]","thumbnail_url":"http:\/\/farm4.staticflickr.com\/3948\/33708515850_48ac0c5fa1.jpg"}

Turf: Don Negro celebró Pascuas en Tornquist - Noticias Radio Reflejos

<blockquote class="wp-embedded-content" data-secret="wM0shfxkZy"><a href="https://www.noticiasradioreflejos.com.ar/2021/turf-don-negro-celebro-pascuas-en-tornquist/">Turf: Don Negro celebró Pascuas en Tornquist</a></blockquote><iframe sandbox="allow-scripts" security="restricted" src="https://www.noticiasradioreflejos.com.ar/2021/turf-don-negro-celebro-pascuas-en-tornquist/embed/#?secret=wM0shfxkZy" width="600" height="338" title="«Turf: Don Negro celebró Pascuas en Tornquist» — Noticias Radio Reflejos" data-secret="wM0shfxkZy" frameborder="0" marginwidth="0" marginheight="0" scrolling="no" class="wp-embedded-content"></iframe><script type="text/javascript">
/* <![CDATA[ */
/*! This file is auto-generated */
!function(d,l){"use strict";l.querySelector&&d.addEventListener&&"undefined"!=typeof URL&&(d.wp=d.wp||{},d.wp.receiveEmbedMessage||(d.wp.receiveEmbedMessage=function(e){var t=e.data;if((t||t.secret||t.message||t.value)&&!/[^a-zA-Z0-9]/.test(t.secret)){for(var s,r,n,a=l.querySelectorAll('iframe[data-secret="'+t.secret+'"]'),o=l.querySelectorAll('blockquote[data-secret="'+t.secret+'"]'),c=new RegExp("^https?:$","i"),i=0;i<o.length;i++)o[i].style.display="none";for(i=0;i<a.length;i++)s=a[i],e.source===s.contentWindow&&(s.removeAttribute("style"),"height"===t.message?(1e3<(r=parseInt(t.value,10))?r=1e3:~~r<200&&(r=200),s.height=r):"link"===t.message&&(r=new URL(s.getAttribute("src")),n=new URL(t.value),c.test(n.protocol))&&n.host===r.host&&l.activeElement===s&&(d.top.location.href=t.value))}},d.addEventListener("message",d.wp.receiveEmbedMessage,!1),l.addEventListener("DOMContentLoaded",function(){for(var e,t,s=l.querySelectorAll("iframe.wp-embedded-content"),r=0;r<s.length;r++)(t=(e=s[r]).getAttribute("data-secret"))||(t=Math.random().toString(36).substring(2,12),e.src+="#?secret="+t,e.setAttribute("data-secret",t)),e.contentWindow.postMessage({message:"ready",secret:t},"*")},!1)))}(window,document);
//# sourceURL=https://www.noticiasradioreflejos.com.ar/2021/wp-includes/js/wp-embed.min.js
/* ]]> */
</script>

Se impuso en el Clásico Municipalidad de Tornquist, en la reunión organizada por César Oteiza. Se corrieron 12 de las trece programadas. Aceptable jornada que deja la puerta abierta para la próxima del calendario. Pese a lo difícil de la fecha donde se celebraban las pascuas, César Oteiza se las ingenió para llevar adelante un [&hellip;]
