{"version":"1.0","provider_name":"Noticias Radio Reflejos","provider_url":"https:\/\/www.noticiasradioreflejos.com.ar\/2021","author_name":"Arnaldo Botto","author_url":"https:\/\/www.noticiasradioreflejos.com.ar\/2021\/author\/arnaldo\/","title":"Sorpresa por una intensa granizada en la regi\u00f3n - Noticias Radio Reflejos","type":"rich","width":600,"height":338,"html":"<blockquote class=\"wp-embedded-content\" data-secret=\"xRcX1uPUdv\"><a href=\"https:\/\/www.noticiasradioreflejos.com.ar\/2021\/sorpresa-por-una-intensa-granizada-en-la-region\/\">Sorpresa por una intensa granizada en la regi\u00f3n<\/a><\/blockquote><iframe sandbox=\"allow-scripts\" security=\"restricted\" src=\"https:\/\/www.noticiasradioreflejos.com.ar\/2021\/sorpresa-por-una-intensa-granizada-en-la-region\/embed\/#?secret=xRcX1uPUdv\" width=\"600\" height=\"338\" title=\"\u00abSorpresa por una intensa granizada en la regi\u00f3n\u00bb \u2014 Noticias Radio Reflejos\" data-secret=\"xRcX1uPUdv\" frameborder=\"0\" marginwidth=\"0\" marginheight=\"0\" scrolling=\"no\" class=\"wp-embedded-content\"><\/iframe><script type=\"text\/javascript\">\n\/* <![CDATA[ *\/\n\/*! This file is auto-generated *\/\n!function(d,l){\"use strict\";l.querySelector&&d.addEventListener&&\"undefined\"!=typeof URL&&(d.wp=d.wp||{},d.wp.receiveEmbedMessage||(d.wp.receiveEmbedMessage=function(e){var t=e.data;if((t||t.secret||t.message||t.value)&&!\/[^a-zA-Z0-9]\/.test(t.secret)){for(var s,r,n,a=l.querySelectorAll('iframe[data-secret=\"'+t.secret+'\"]'),o=l.querySelectorAll('blockquote[data-secret=\"'+t.secret+'\"]'),c=new RegExp(\"^https?:$\",\"i\"),i=0;i<o.length;i++)o[i].style.display=\"none\";for(i=0;i<a.length;i++)s=a[i],e.source===s.contentWindow&&(s.removeAttribute(\"style\"),\"height\"===t.message?(1e3<(r=parseInt(t.value,10))?r=1e3:~~r<200&&(r=200),s.height=r):\"link\"===t.message&&(r=new URL(s.getAttribute(\"src\")),n=new URL(t.value),c.test(n.protocol))&&n.host===r.host&&l.activeElement===s&&(d.top.location.href=t.value))}},d.addEventListener(\"message\",d.wp.receiveEmbedMessage,!1),l.addEventListener(\"DOMContentLoaded\",function(){for(var e,t,s=l.querySelectorAll(\"iframe.wp-embedded-content\"),r=0;r<s.length;r++)(t=(e=s[r]).getAttribute(\"data-secret\"))||(t=Math.random().toString(36).substring(2,12),e.src+=\"#?secret=\"+t,e.setAttribute(\"data-secret\",t)),e.contentWindow.postMessage({message:\"ready\",secret:t},\"*\")},!1)))}(window,document);\n\/\/# sourceURL=https:\/\/www.noticiasradioreflejos.com.ar\/2021\/wp-includes\/js\/wp-embed.min.js\n\/* ]]> *\/\n<\/script>\n","description":"No se registraron da\u00f1os de consideraci\u00f3n, aunque las piedras se acumularon en calles, veredas e incluso autos estacionados. La comunidad de Pig\u00fc\u00e9 se vio sorprendida esta ma\u00f1ana por una intensa granizada con lluvia que, seg\u00fan las fuentes consultadas, no caus\u00f3 da\u00f1os de consideraci\u00f3n. El fen\u00f3meno se dio alrededor de las 6 y, si bien las [&hellip;]","thumbnail_url":"http:\/\/farm5.staticflickr.com\/4344\/36383331876_1d3aabeebb.jpg"}

Sorpresa por una intensa granizada en la región - Noticias Radio Reflejos

<blockquote class="wp-embedded-content" data-secret="xRcX1uPUdv"><a href="https://www.noticiasradioreflejos.com.ar/2021/sorpresa-por-una-intensa-granizada-en-la-region/">Sorpresa por una intensa granizada en la región</a></blockquote><iframe sandbox="allow-scripts" security="restricted" src="https://www.noticiasradioreflejos.com.ar/2021/sorpresa-por-una-intensa-granizada-en-la-region/embed/#?secret=xRcX1uPUdv" width="600" height="338" title="«Sorpresa por una intensa granizada en la región» — Noticias Radio Reflejos" data-secret="xRcX1uPUdv" frameborder="0" marginwidth="0" marginheight="0" scrolling="no" class="wp-embedded-content"></iframe><script type="text/javascript">
/* <![CDATA[ */
/*! This file is auto-generated */
!function(d,l){"use strict";l.querySelector&&d.addEventListener&&"undefined"!=typeof URL&&(d.wp=d.wp||{},d.wp.receiveEmbedMessage||(d.wp.receiveEmbedMessage=function(e){var t=e.data;if((t||t.secret||t.message||t.value)&&!/[^a-zA-Z0-9]/.test(t.secret)){for(var s,r,n,a=l.querySelectorAll('iframe[data-secret="'+t.secret+'"]'),o=l.querySelectorAll('blockquote[data-secret="'+t.secret+'"]'),c=new RegExp("^https?:$","i"),i=0;i<o.length;i++)o[i].style.display="none";for(i=0;i<a.length;i++)s=a[i],e.source===s.contentWindow&&(s.removeAttribute("style"),"height"===t.message?(1e3<(r=parseInt(t.value,10))?r=1e3:~~r<200&&(r=200),s.height=r):"link"===t.message&&(r=new URL(s.getAttribute("src")),n=new URL(t.value),c.test(n.protocol))&&n.host===r.host&&l.activeElement===s&&(d.top.location.href=t.value))}},d.addEventListener("message",d.wp.receiveEmbedMessage,!1),l.addEventListener("DOMContentLoaded",function(){for(var e,t,s=l.querySelectorAll("iframe.wp-embedded-content"),r=0;r<s.length;r++)(t=(e=s[r]).getAttribute("data-secret"))||(t=Math.random().toString(36).substring(2,12),e.src+="#?secret="+t,e.setAttribute("data-secret",t)),e.contentWindow.postMessage({message:"ready",secret:t},"*")},!1)))}(window,document);
//# sourceURL=https://www.noticiasradioreflejos.com.ar/2021/wp-includes/js/wp-embed.min.js
/* ]]> */
</script>

No se registraron daños de consideración, aunque las piedras se acumularon en calles, veredas e incluso autos estacionados. La comunidad de Pigüé se vio sorprendida esta mañana por una intensa granizada con lluvia que, según las fuentes consultadas, no causó daños de consideración. El fenómeno se dio alrededor de las 6 y, si bien las [&hellip;]
