{"version":"1.0","provider_name":"Noticias Radio Reflejos","provider_url":"https:\/\/www.noticiasradioreflejos.com.ar\/2021","author_name":"Arnaldo Botto","author_url":"https:\/\/www.noticiasradioreflejos.com.ar\/2021\/author\/arnaldo\/","title":"Sesion\u00f3 el Concejo Deliberante en extraordinaria. - Noticias Radio Reflejos","type":"rich","width":600,"height":338,"html":"<blockquote class=\"wp-embedded-content\" data-secret=\"reU0kFqBLu\"><a href=\"https:\/\/www.noticiasradioreflejos.com.ar\/2021\/sesiono-el-concejo-deliberante-en-extraordinaria\/\">Sesion\u00f3 el Concejo Deliberante en extraordinaria.<\/a><\/blockquote><iframe sandbox=\"allow-scripts\" security=\"restricted\" src=\"https:\/\/www.noticiasradioreflejos.com.ar\/2021\/sesiono-el-concejo-deliberante-en-extraordinaria\/embed\/#?secret=reU0kFqBLu\" width=\"600\" height=\"338\" title=\"\u00abSesion\u00f3 el Concejo Deliberante en extraordinaria.\u00bb \u2014 Noticias Radio Reflejos\" data-secret=\"reU0kFqBLu\" frameborder=\"0\" marginwidth=\"0\" marginheight=\"0\" scrolling=\"no\" class=\"wp-embedded-content\"><\/iframe><script type=\"text\/javascript\">\n\/* <![CDATA[ *\/\n\/*! This file is auto-generated *\/\n!function(d,l){\"use strict\";l.querySelector&&d.addEventListener&&\"undefined\"!=typeof URL&&(d.wp=d.wp||{},d.wp.receiveEmbedMessage||(d.wp.receiveEmbedMessage=function(e){var t=e.data;if((t||t.secret||t.message||t.value)&&!\/[^a-zA-Z0-9]\/.test(t.secret)){for(var s,r,n,a=l.querySelectorAll('iframe[data-secret=\"'+t.secret+'\"]'),o=l.querySelectorAll('blockquote[data-secret=\"'+t.secret+'\"]'),c=new RegExp(\"^https?:$\",\"i\"),i=0;i<o.length;i++)o[i].style.display=\"none\";for(i=0;i<a.length;i++)s=a[i],e.source===s.contentWindow&&(s.removeAttribute(\"style\"),\"height\"===t.message?(1e3<(r=parseInt(t.value,10))?r=1e3:~~r<200&&(r=200),s.height=r):\"link\"===t.message&&(r=new URL(s.getAttribute(\"src\")),n=new URL(t.value),c.test(n.protocol))&&n.host===r.host&&l.activeElement===s&&(d.top.location.href=t.value))}},d.addEventListener(\"message\",d.wp.receiveEmbedMessage,!1),l.addEventListener(\"DOMContentLoaded\",function(){for(var e,t,s=l.querySelectorAll(\"iframe.wp-embedded-content\"),r=0;r<s.length;r++)(t=(e=s[r]).getAttribute(\"data-secret\"))||(t=Math.random().toString(36).substring(2,12),e.src+=\"#?secret=\"+t,e.setAttribute(\"data-secret\",t)),e.contentWindow.postMessage({message:\"ready\",secret:t},\"*\")},!1)))}(window,document);\n\/\/# sourceURL=https:\/\/www.noticiasradioreflejos.com.ar\/2021\/wp-includes\/js\/wp-embed.min.js\n\/* ]]> *\/\n<\/script>\n","description":"Este martes se inform\u00f3 oficialmente la salida por renuncia de Valentina Nyez. La suplantar\u00e1 el concejal Germ\u00e1n De Larena. Tambi\u00e9n asumir\u00e1 Sebasti\u00e1n Bassi una banca en Cambiemos. Durante una sesi\u00f3n extraordinaria llevada a cabo en el sal\u00f3n del HCD, se inform\u00f3 oficialmente este martes la renuncia presentada por razones particulares de Valentina Nyez, en su [&hellip;]","thumbnail_url":"http:\/\/farm8.staticflickr.com\/7920\/33352192308_9050f1777e.jpg"}

Sesionó el Concejo Deliberante en extraordinaria. - Noticias Radio Reflejos

<blockquote class="wp-embedded-content" data-secret="reU0kFqBLu"><a href="https://www.noticiasradioreflejos.com.ar/2021/sesiono-el-concejo-deliberante-en-extraordinaria/">Sesionó el Concejo Deliberante en extraordinaria.</a></blockquote><iframe sandbox="allow-scripts" security="restricted" src="https://www.noticiasradioreflejos.com.ar/2021/sesiono-el-concejo-deliberante-en-extraordinaria/embed/#?secret=reU0kFqBLu" width="600" height="338" title="«Sesionó el Concejo Deliberante en extraordinaria.» — Noticias Radio Reflejos" data-secret="reU0kFqBLu" frameborder="0" marginwidth="0" marginheight="0" scrolling="no" class="wp-embedded-content"></iframe><script type="text/javascript">
/* <![CDATA[ */
/*! This file is auto-generated */
!function(d,l){"use strict";l.querySelector&&d.addEventListener&&"undefined"!=typeof URL&&(d.wp=d.wp||{},d.wp.receiveEmbedMessage||(d.wp.receiveEmbedMessage=function(e){var t=e.data;if((t||t.secret||t.message||t.value)&&!/[^a-zA-Z0-9]/.test(t.secret)){for(var s,r,n,a=l.querySelectorAll('iframe[data-secret="'+t.secret+'"]'),o=l.querySelectorAll('blockquote[data-secret="'+t.secret+'"]'),c=new RegExp("^https?:$","i"),i=0;i<o.length;i++)o[i].style.display="none";for(i=0;i<a.length;i++)s=a[i],e.source===s.contentWindow&&(s.removeAttribute("style"),"height"===t.message?(1e3<(r=parseInt(t.value,10))?r=1e3:~~r<200&&(r=200),s.height=r):"link"===t.message&&(r=new URL(s.getAttribute("src")),n=new URL(t.value),c.test(n.protocol))&&n.host===r.host&&l.activeElement===s&&(d.top.location.href=t.value))}},d.addEventListener("message",d.wp.receiveEmbedMessage,!1),l.addEventListener("DOMContentLoaded",function(){for(var e,t,s=l.querySelectorAll("iframe.wp-embedded-content"),r=0;r<s.length;r++)(t=(e=s[r]).getAttribute("data-secret"))||(t=Math.random().toString(36).substring(2,12),e.src+="#?secret="+t,e.setAttribute("data-secret",t)),e.contentWindow.postMessage({message:"ready",secret:t},"*")},!1)))}(window,document);
//# sourceURL=https://www.noticiasradioreflejos.com.ar/2021/wp-includes/js/wp-embed.min.js
/* ]]> */
</script>

Este martes se informó oficialmente la salida por renuncia de Valentina Nyez. La suplantará el concejal Germán De Larena. También asumirá Sebastián Bassi una banca en Cambiemos. Durante una sesión extraordinaria llevada a cabo en el salón del HCD, se informó oficialmente este martes la renuncia presentada por razones particulares de Valentina Nyez, en su [&hellip;]
