{"version":"1.0","provider_name":"Noticias Radio Reflejos","provider_url":"https:\/\/www.noticiasradioreflejos.com.ar\/2021","author_name":"Ulises Nicolini","author_url":"https:\/\/www.noticiasradioreflejos.com.ar\/2021\/author\/admin\/","title":"Seguridad en Sierra de la Ventana - Noticias Radio Reflejos","type":"rich","width":600,"height":338,"html":"<blockquote class=\"wp-embedded-content\" data-secret=\"b7GyGmLrZD\"><a href=\"https:\/\/www.noticiasradioreflejos.com.ar\/2021\/seguridad-en-sierra-de-la-ventana\/\">Seguridad en Sierra de la Ventana<\/a><\/blockquote><iframe sandbox=\"allow-scripts\" security=\"restricted\" src=\"https:\/\/www.noticiasradioreflejos.com.ar\/2021\/seguridad-en-sierra-de-la-ventana\/embed\/#?secret=b7GyGmLrZD\" width=\"600\" height=\"338\" title=\"\u00abSeguridad en Sierra de la Ventana\u00bb \u2014 Noticias Radio Reflejos\" data-secret=\"b7GyGmLrZD\" frameborder=\"0\" marginwidth=\"0\" marginheight=\"0\" scrolling=\"no\" class=\"wp-embedded-content\"><\/iframe><script type=\"text\/javascript\">\n\/* <![CDATA[ *\/\n\/*! This file is auto-generated *\/\n!function(d,l){\"use strict\";l.querySelector&&d.addEventListener&&\"undefined\"!=typeof URL&&(d.wp=d.wp||{},d.wp.receiveEmbedMessage||(d.wp.receiveEmbedMessage=function(e){var t=e.data;if((t||t.secret||t.message||t.value)&&!\/[^a-zA-Z0-9]\/.test(t.secret)){for(var s,r,n,a=l.querySelectorAll('iframe[data-secret=\"'+t.secret+'\"]'),o=l.querySelectorAll('blockquote[data-secret=\"'+t.secret+'\"]'),c=new RegExp(\"^https?:$\",\"i\"),i=0;i<o.length;i++)o[i].style.display=\"none\";for(i=0;i<a.length;i++)s=a[i],e.source===s.contentWindow&&(s.removeAttribute(\"style\"),\"height\"===t.message?(1e3<(r=parseInt(t.value,10))?r=1e3:~~r<200&&(r=200),s.height=r):\"link\"===t.message&&(r=new URL(s.getAttribute(\"src\")),n=new URL(t.value),c.test(n.protocol))&&n.host===r.host&&l.activeElement===s&&(d.top.location.href=t.value))}},d.addEventListener(\"message\",d.wp.receiveEmbedMessage,!1),l.addEventListener(\"DOMContentLoaded\",function(){for(var e,t,s=l.querySelectorAll(\"iframe.wp-embedded-content\"),r=0;r<s.length;r++)(t=(e=s[r]).getAttribute(\"data-secret\"))||(t=Math.random().toString(36).substring(2,12),e.src+=\"#?secret=\"+t,e.setAttribute(\"data-secret\",t)),e.contentWindow.postMessage({message:\"ready\",secret:t},\"*\")},!1)))}(window,document);\n\/\/# sourceURL=https:\/\/www.noticiasradioreflejos.com.ar\/2021\/wp-includes\/js\/wp-embed.min.js\n\/* ]]> *\/\n<\/script>\n","description":"La Secretaria de Seguridad comunica a la comunidad que en virtud de la gran afluencia de turistas por las vacaciones de invierno, la Jefatura Departamental de Polic\u00eda de Seguridad Bah\u00eda Blanca, cumpliendo directivas emanadas por la Superintendencia de Seguridad Interior Sur, envi\u00f3 refuerzo de 15 efectivos policiales que se suman a la dotaci\u00f3n estable de la Subestaci\u00f3n de Polic\u00eda Comunal Sierra de la Ventana, habi\u00e9ndose coordinado con la Jefatura de Polic\u00eda Comunal Tornquist y la Secretaria de Seguridad de dicho Municipio, que los mismos trabajen en turnos de 8 hs diarias, realizando patrullajes a pie en rondines en pareja en zona c\u00e9ntrica en horario comercial, adem\u00e1s, durante la tarde, se suman dos efectivos en motocicletas policiales en prevenci\u00f3n de il\u00edcitos y faltas en todas sus modalidades hasta el cierre de los comercios.","thumbnail_url":"https:\/\/www.noticiasradioreflejos.com.ar\/2021\/wp-content\/uploads\/2021\/07\/logosol300x200.png","thumbnail_width":300,"thumbnail_height":200}

La Secretaria de Seguridad comunica a la comunidad que en virtud de la gran afluencia de turistas por las vacaciones de invierno, la Jefatura Departamental de Policía de Seguridad Bahía Blanca, cumpliendo directivas emanadas por la Superintendencia de Seguridad Interior Sur, envió refuerzo de 15 efectivos policiales que se suman a la dotación estable de la Subestación de Policía Comunal Sierra de la Ventana, habiéndose coordinado con la Jefatura de Policía Comunal Tornquist y la Secretaria de Seguridad de dicho Municipio, que los mismos trabajen en turnos de 8 hs diarias, realizando patrullajes a pie en rondines en pareja en zona céntrica en horario comercial, además, durante la tarde, se suman dos efectivos en motocicletas policiales en prevención de ilícitos y faltas en todas sus modalidades hasta el cierre de los comercios.
