{"version":"1.0","provider_name":"Noticias Radio Reflejos","provider_url":"https:\/\/www.noticiasradioreflejos.com.ar\/2021","author_name":"Arnaldo Botto","author_url":"https:\/\/www.noticiasradioreflejos.com.ar\/2021\/author\/arnaldo\/","title":"Se relanz\u00f3 el Programa \"M\u00c1S CULTURA\" - Noticias Radio Reflejos","type":"rich","width":600,"height":338,"html":"<blockquote class=\"wp-embedded-content\" data-secret=\"fbHIEIeq2A\"><a href=\"https:\/\/www.noticiasradioreflejos.com.ar\/2021\/se-relanzo-el-programa-mas-cultura\/\">Se relanz\u00f3 el Programa \u00abM\u00c1S CULTURA\u00bb<\/a><\/blockquote><iframe sandbox=\"allow-scripts\" security=\"restricted\" src=\"https:\/\/www.noticiasradioreflejos.com.ar\/2021\/se-relanzo-el-programa-mas-cultura\/embed\/#?secret=fbHIEIeq2A\" width=\"600\" height=\"338\" title=\"\u00abSe relanz\u00f3 el Programa \u00abM\u00c1S CULTURA\u00bb\u00bb \u2014 Noticias Radio Reflejos\" data-secret=\"fbHIEIeq2A\" frameborder=\"0\" marginwidth=\"0\" marginheight=\"0\" scrolling=\"no\" class=\"wp-embedded-content\"><\/iframe><script type=\"text\/javascript\">\n\/* <![CDATA[ *\/\n\/*! This file is auto-generated *\/\n!function(d,l){\"use strict\";l.querySelector&&d.addEventListener&&\"undefined\"!=typeof URL&&(d.wp=d.wp||{},d.wp.receiveEmbedMessage||(d.wp.receiveEmbedMessage=function(e){var t=e.data;if((t||t.secret||t.message||t.value)&&!\/[^a-zA-Z0-9]\/.test(t.secret)){for(var s,r,n,a=l.querySelectorAll('iframe[data-secret=\"'+t.secret+'\"]'),o=l.querySelectorAll('blockquote[data-secret=\"'+t.secret+'\"]'),c=new RegExp(\"^https?:$\",\"i\"),i=0;i<o.length;i++)o[i].style.display=\"none\";for(i=0;i<a.length;i++)s=a[i],e.source===s.contentWindow&&(s.removeAttribute(\"style\"),\"height\"===t.message?(1e3<(r=parseInt(t.value,10))?r=1e3:~~r<200&&(r=200),s.height=r):\"link\"===t.message&&(r=new URL(s.getAttribute(\"src\")),n=new URL(t.value),c.test(n.protocol))&&n.host===r.host&&l.activeElement===s&&(d.top.location.href=t.value))}},d.addEventListener(\"message\",d.wp.receiveEmbedMessage,!1),l.addEventListener(\"DOMContentLoaded\",function(){for(var e,t,s=l.querySelectorAll(\"iframe.wp-embedded-content\"),r=0;r<s.length;r++)(t=(e=s[r]).getAttribute(\"data-secret\"))||(t=Math.random().toString(36).substring(2,12),e.src+=\"#?secret=\"+t,e.setAttribute(\"data-secret\",t)),e.contentWindow.postMessage({message:\"ready\",secret:t},\"*\")},!1)))}(window,document);\n\/\/# sourceURL=https:\/\/www.noticiasradioreflejos.com.ar\/2021\/wp-includes\/js\/wp-embed.min.js\n\/* ]]> *\/\n<\/script>\n","description":"El presidente de la Naci\u00f3n,\u00a0Alberto Fern\u00e1ndez, junto a la directora ejecutiva de ANSES,\u00a0Fernanda Raverta,\u00a0y al\u00a0ministro de Cultura de la Naci\u00f3n,\u00a0Trist\u00e1n Bauer, participaron del relanzamiento del programa\u00a0M\u00e1s Cultura,\u00a0por el cual j\u00f3venes de todo el pa\u00eds podr\u00e1n disfrutar de pel\u00edculas de cine, obras de teatro, shows musicales, visitas a museos y acceder a distintos bienes y espacios [&hellip;]","thumbnail_url":"https:\/\/live.staticflickr.com\/65535\/51733941365_205003f38b_c.jpg"}

Se relanzó el Programa "MÁS CULTURA" - Noticias Radio Reflejos

<blockquote class="wp-embedded-content" data-secret="fbHIEIeq2A"><a href="https://www.noticiasradioreflejos.com.ar/2021/se-relanzo-el-programa-mas-cultura/">Se relanzó el Programa «MÁS CULTURA»</a></blockquote><iframe sandbox="allow-scripts" security="restricted" src="https://www.noticiasradioreflejos.com.ar/2021/se-relanzo-el-programa-mas-cultura/embed/#?secret=fbHIEIeq2A" width="600" height="338" title="«Se relanzó el Programa «MÁS CULTURA»» — Noticias Radio Reflejos" data-secret="fbHIEIeq2A" frameborder="0" marginwidth="0" marginheight="0" scrolling="no" class="wp-embedded-content"></iframe><script type="text/javascript">
/* <![CDATA[ */
/*! This file is auto-generated */
!function(d,l){"use strict";l.querySelector&&d.addEventListener&&"undefined"!=typeof URL&&(d.wp=d.wp||{},d.wp.receiveEmbedMessage||(d.wp.receiveEmbedMessage=function(e){var t=e.data;if((t||t.secret||t.message||t.value)&&!/[^a-zA-Z0-9]/.test(t.secret)){for(var s,r,n,a=l.querySelectorAll('iframe[data-secret="'+t.secret+'"]'),o=l.querySelectorAll('blockquote[data-secret="'+t.secret+'"]'),c=new RegExp("^https?:$","i"),i=0;i<o.length;i++)o[i].style.display="none";for(i=0;i<a.length;i++)s=a[i],e.source===s.contentWindow&&(s.removeAttribute("style"),"height"===t.message?(1e3<(r=parseInt(t.value,10))?r=1e3:~~r<200&&(r=200),s.height=r):"link"===t.message&&(r=new URL(s.getAttribute("src")),n=new URL(t.value),c.test(n.protocol))&&n.host===r.host&&l.activeElement===s&&(d.top.location.href=t.value))}},d.addEventListener("message",d.wp.receiveEmbedMessage,!1),l.addEventListener("DOMContentLoaded",function(){for(var e,t,s=l.querySelectorAll("iframe.wp-embedded-content"),r=0;r<s.length;r++)(t=(e=s[r]).getAttribute("data-secret"))||(t=Math.random().toString(36).substring(2,12),e.src+="#?secret="+t,e.setAttribute("data-secret",t)),e.contentWindow.postMessage({message:"ready",secret:t},"*")},!1)))}(window,document);
//# sourceURL=https://www.noticiasradioreflejos.com.ar/2021/wp-includes/js/wp-embed.min.js
/* ]]> */
</script>

El presidente de la Nación, Alberto Fernández, junto a la directora ejecutiva de ANSES, Fernanda Raverta, y al ministro de Cultura de la Nación, Tristán Bauer, participaron del relanzamiento del programa Más Cultura, por el cual jóvenes de todo el país podrán disfrutar de películas de cine, obras de teatro, shows musicales, visitas a museos y acceder a distintos bienes y espacios [&hellip;]
