{"version":"1.0","provider_name":"Noticias Radio Reflejos","provider_url":"https:\/\/www.noticiasradioreflejos.com.ar\/2021","author_name":"Arnaldo Botto","author_url":"https:\/\/www.noticiasradioreflejos.com.ar\/2021\/author\/arnaldo\/","title":"Se celebr\u00f3 el 72\u00b0 Aniversario de Villa Ventana. - Noticias Radio Reflejos","type":"rich","width":600,"height":338,"html":"<blockquote class=\"wp-embedded-content\" data-secret=\"WuHP7OVLq5\"><a href=\"https:\/\/www.noticiasradioreflejos.com.ar\/2021\/se-celebro-el-72-aniversario-de-villa-ventana\/\">Se celebr\u00f3 el 72\u00b0 Aniversario de Villa Ventana.<\/a><\/blockquote><iframe sandbox=\"allow-scripts\" security=\"restricted\" src=\"https:\/\/www.noticiasradioreflejos.com.ar\/2021\/se-celebro-el-72-aniversario-de-villa-ventana\/embed\/#?secret=WuHP7OVLq5\" width=\"600\" height=\"338\" title=\"\u00abSe celebr\u00f3 el 72\u00b0 Aniversario de Villa Ventana.\u00bb \u2014 Noticias Radio Reflejos\" data-secret=\"WuHP7OVLq5\" frameborder=\"0\" marginwidth=\"0\" marginheight=\"0\" scrolling=\"no\" class=\"wp-embedded-content\"><\/iframe><script type=\"text\/javascript\">\n\/* <![CDATA[ *\/\n\/*! This file is auto-generated *\/\n!function(d,l){\"use strict\";l.querySelector&&d.addEventListener&&\"undefined\"!=typeof URL&&(d.wp=d.wp||{},d.wp.receiveEmbedMessage||(d.wp.receiveEmbedMessage=function(e){var t=e.data;if((t||t.secret||t.message||t.value)&&!\/[^a-zA-Z0-9]\/.test(t.secret)){for(var s,r,n,a=l.querySelectorAll('iframe[data-secret=\"'+t.secret+'\"]'),o=l.querySelectorAll('blockquote[data-secret=\"'+t.secret+'\"]'),c=new RegExp(\"^https?:$\",\"i\"),i=0;i<o.length;i++)o[i].style.display=\"none\";for(i=0;i<a.length;i++)s=a[i],e.source===s.contentWindow&&(s.removeAttribute(\"style\"),\"height\"===t.message?(1e3<(r=parseInt(t.value,10))?r=1e3:~~r<200&&(r=200),s.height=r):\"link\"===t.message&&(r=new URL(s.getAttribute(\"src\")),n=new URL(t.value),c.test(n.protocol))&&n.host===r.host&&l.activeElement===s&&(d.top.location.href=t.value))}},d.addEventListener(\"message\",d.wp.receiveEmbedMessage,!1),l.addEventListener(\"DOMContentLoaded\",function(){for(var e,t,s=l.querySelectorAll(\"iframe.wp-embedded-content\"),r=0;r<s.length;r++)(t=(e=s[r]).getAttribute(\"data-secret\"))||(t=Math.random().toString(36).substring(2,12),e.src+=\"#?secret=\"+t,e.setAttribute(\"data-secret\",t)),e.contentWindow.postMessage({message:\"ready\",secret:t},\"*\")},!1)))}(window,document);\n\/\/# sourceURL=https:\/\/www.noticiasradioreflejos.com.ar\/2021\/wp-includes\/js\/wp-embed.min.js\n\/* ]]> *\/\n<\/script>\n","description":"A las 10.30 hs, tal como estaba previsto, dio inicio el acto central por el 72\u00b0 aniversario de Villa Ventana. El Secretario de Gobierno, Ezequiel Gabella, en representaci\u00f3n del intendente Bordoni, encabez\u00f3 el evento que cont\u00f3 con la participaci\u00f3n de autoridades municipales, instituciones educativas, sociales, culturales y vecinos de la localidad.","thumbnail_url":"http:\/\/live.staticflickr.com\/65535\/48374624566_b9ee79fbc0.jpg"}

Se celebró el 72° Aniversario de Villa Ventana. - Noticias Radio Reflejos

<blockquote class="wp-embedded-content" data-secret="WuHP7OVLq5"><a href="https://www.noticiasradioreflejos.com.ar/2021/se-celebro-el-72-aniversario-de-villa-ventana/">Se celebró el 72° Aniversario de Villa Ventana.</a></blockquote><iframe sandbox="allow-scripts" security="restricted" src="https://www.noticiasradioreflejos.com.ar/2021/se-celebro-el-72-aniversario-de-villa-ventana/embed/#?secret=WuHP7OVLq5" width="600" height="338" title="«Se celebró el 72° Aniversario de Villa Ventana.» — Noticias Radio Reflejos" data-secret="WuHP7OVLq5" frameborder="0" marginwidth="0" marginheight="0" scrolling="no" class="wp-embedded-content"></iframe><script type="text/javascript">
/* <![CDATA[ */
/*! This file is auto-generated */
!function(d,l){"use strict";l.querySelector&&d.addEventListener&&"undefined"!=typeof URL&&(d.wp=d.wp||{},d.wp.receiveEmbedMessage||(d.wp.receiveEmbedMessage=function(e){var t=e.data;if((t||t.secret||t.message||t.value)&&!/[^a-zA-Z0-9]/.test(t.secret)){for(var s,r,n,a=l.querySelectorAll('iframe[data-secret="'+t.secret+'"]'),o=l.querySelectorAll('blockquote[data-secret="'+t.secret+'"]'),c=new RegExp("^https?:$","i"),i=0;i<o.length;i++)o[i].style.display="none";for(i=0;i<a.length;i++)s=a[i],e.source===s.contentWindow&&(s.removeAttribute("style"),"height"===t.message?(1e3<(r=parseInt(t.value,10))?r=1e3:~~r<200&&(r=200),s.height=r):"link"===t.message&&(r=new URL(s.getAttribute("src")),n=new URL(t.value),c.test(n.protocol))&&n.host===r.host&&l.activeElement===s&&(d.top.location.href=t.value))}},d.addEventListener("message",d.wp.receiveEmbedMessage,!1),l.addEventListener("DOMContentLoaded",function(){for(var e,t,s=l.querySelectorAll("iframe.wp-embedded-content"),r=0;r<s.length;r++)(t=(e=s[r]).getAttribute("data-secret"))||(t=Math.random().toString(36).substring(2,12),e.src+="#?secret="+t,e.setAttribute("data-secret",t)),e.contentWindow.postMessage({message:"ready",secret:t},"*")},!1)))}(window,document);
//# sourceURL=https://www.noticiasradioreflejos.com.ar/2021/wp-includes/js/wp-embed.min.js
/* ]]> */
</script>

A las 10.30 hs, tal como estaba previsto, dio inicio el acto central por el 72° aniversario de Villa Ventana. El Secretario de Gobierno, Ezequiel Gabella, en representación del intendente Bordoni, encabezó el evento que contó con la participación de autoridades municipales, instituciones educativas, sociales, culturales y vecinos de la localidad.
