{"version":"1.0","provider_name":"Noticias Radio Reflejos","provider_url":"https:\/\/www.noticiasradioreflejos.com.ar\/2021","author_name":"Arnaldo Botto","author_url":"https:\/\/www.noticiasradioreflejos.com.ar\/2021\/author\/arnaldo\/","title":"Ruta del Olivo: Paisajes, Sabores y Experiencias. - Noticias Radio Reflejos","type":"rich","width":600,"height":338,"html":"<blockquote class=\"wp-embedded-content\" data-secret=\"agKSRRdZKa\"><a href=\"https:\/\/www.noticiasradioreflejos.com.ar\/2021\/ruta-del-olivo-paisajes-sabores-y-experiencias\/\">Ruta del Olivo: Paisajes, Sabores y Experiencias.<\/a><\/blockquote><iframe sandbox=\"allow-scripts\" security=\"restricted\" src=\"https:\/\/www.noticiasradioreflejos.com.ar\/2021\/ruta-del-olivo-paisajes-sabores-y-experiencias\/embed\/#?secret=agKSRRdZKa\" width=\"600\" height=\"338\" title=\"\u00abRuta del Olivo: Paisajes, Sabores y Experiencias.\u00bb \u2014 Noticias Radio Reflejos\" data-secret=\"agKSRRdZKa\" frameborder=\"0\" marginwidth=\"0\" marginheight=\"0\" scrolling=\"no\" class=\"wp-embedded-content\"><\/iframe><script type=\"text\/javascript\">\n\/* <![CDATA[ *\/\n\/*! This file is auto-generated *\/\n!function(d,l){\"use strict\";l.querySelector&&d.addEventListener&&\"undefined\"!=typeof URL&&(d.wp=d.wp||{},d.wp.receiveEmbedMessage||(d.wp.receiveEmbedMessage=function(e){var t=e.data;if((t||t.secret||t.message||t.value)&&!\/[^a-zA-Z0-9]\/.test(t.secret)){for(var s,r,n,a=l.querySelectorAll('iframe[data-secret=\"'+t.secret+'\"]'),o=l.querySelectorAll('blockquote[data-secret=\"'+t.secret+'\"]'),c=new RegExp(\"^https?:$\",\"i\"),i=0;i<o.length;i++)o[i].style.display=\"none\";for(i=0;i<a.length;i++)s=a[i],e.source===s.contentWindow&&(s.removeAttribute(\"style\"),\"height\"===t.message?(1e3<(r=parseInt(t.value,10))?r=1e3:~~r<200&&(r=200),s.height=r):\"link\"===t.message&&(r=new URL(s.getAttribute(\"src\")),n=new URL(t.value),c.test(n.protocol))&&n.host===r.host&&l.activeElement===s&&(d.top.location.href=t.value))}},d.addEventListener(\"message\",d.wp.receiveEmbedMessage,!1),l.addEventListener(\"DOMContentLoaded\",function(){for(var e,t,s=l.querySelectorAll(\"iframe.wp-embedded-content\"),r=0;r<s.length;r++)(t=(e=s[r]).getAttribute(\"data-secret\"))||(t=Math.random().toString(36).substring(2,12),e.src+=\"#?secret=\"+t,e.setAttribute(\"data-secret\",t)),e.contentWindow.postMessage({message:\"ready\",secret:t},\"*\")},!1)))}(window,document);\n\/\/# sourceURL=https:\/\/www.noticiasradioreflejos.com.ar\/2021\/wp-includes\/js\/wp-embed.min.js\n\/* ]]> *\/\n<\/script>\n","description":"El sudoeste bonaerense, por sus caracter\u00edsticas clim\u00e1ticas y las cualidades del suelo, es el epicentro de la producci\u00f3n de aceite de oliva en la Provincia. Se trata de un producto de excelencia que es utilizado para la elaboraci\u00f3n de exquisitos platos, mientras otros derivados del olivo, como mermeladas y aceitunas, tambi\u00e9n adquieren protagonismo en la [&hellip;]","thumbnail_url":"https:\/\/live.staticflickr.com\/65535\/51194405420_bd9de84651_c.jpg"}

El sudoeste bonaerense, por sus características climáticas y las cualidades del suelo, es el epicentro de la producción de aceite de oliva en la Provincia. Se trata de un producto de excelencia que es utilizado para la elaboración de exquisitos platos, mientras otros derivados del olivo, como mermeladas y aceitunas, también adquieren protagonismo en la [&hellip;]
