{"version":"1.0","provider_name":"Noticias Radio Reflejos","provider_url":"https:\/\/www.noticiasradioreflejos.com.ar\/2021","author_name":"Arnaldo Botto","author_url":"https:\/\/www.noticiasradioreflejos.com.ar\/2021\/author\/arnaldo\/","title":"Reconocimiento a efectivos policiales - Noticias Radio Reflejos","type":"rich","width":600,"height":338,"html":"<blockquote class=\"wp-embedded-content\" data-secret=\"nBOOgHZcGm\"><a href=\"https:\/\/www.noticiasradioreflejos.com.ar\/2021\/reconocimiento-a-efectivos-policiales\/\">Reconocimiento a efectivos policiales<\/a><\/blockquote><iframe sandbox=\"allow-scripts\" security=\"restricted\" src=\"https:\/\/www.noticiasradioreflejos.com.ar\/2021\/reconocimiento-a-efectivos-policiales\/embed\/#?secret=nBOOgHZcGm\" width=\"600\" height=\"338\" title=\"\u00abReconocimiento a efectivos policiales\u00bb \u2014 Noticias Radio Reflejos\" data-secret=\"nBOOgHZcGm\" frameborder=\"0\" marginwidth=\"0\" marginheight=\"0\" scrolling=\"no\" class=\"wp-embedded-content\"><\/iframe><script type=\"text\/javascript\">\n\/* <![CDATA[ *\/\n\/*! This file is auto-generated *\/\n!function(d,l){\"use strict\";l.querySelector&&d.addEventListener&&\"undefined\"!=typeof URL&&(d.wp=d.wp||{},d.wp.receiveEmbedMessage||(d.wp.receiveEmbedMessage=function(e){var t=e.data;if((t||t.secret||t.message||t.value)&&!\/[^a-zA-Z0-9]\/.test(t.secret)){for(var s,r,n,a=l.querySelectorAll('iframe[data-secret=\"'+t.secret+'\"]'),o=l.querySelectorAll('blockquote[data-secret=\"'+t.secret+'\"]'),c=new RegExp(\"^https?:$\",\"i\"),i=0;i<o.length;i++)o[i].style.display=\"none\";for(i=0;i<a.length;i++)s=a[i],e.source===s.contentWindow&&(s.removeAttribute(\"style\"),\"height\"===t.message?(1e3<(r=parseInt(t.value,10))?r=1e3:~~r<200&&(r=200),s.height=r):\"link\"===t.message&&(r=new URL(s.getAttribute(\"src\")),n=new URL(t.value),c.test(n.protocol))&&n.host===r.host&&l.activeElement===s&&(d.top.location.href=t.value))}},d.addEventListener(\"message\",d.wp.receiveEmbedMessage,!1),l.addEventListener(\"DOMContentLoaded\",function(){for(var e,t,s=l.querySelectorAll(\"iframe.wp-embedded-content\"),r=0;r<s.length;r++)(t=(e=s[r]).getAttribute(\"data-secret\"))||(t=Math.random().toString(36).substring(2,12),e.src+=\"#?secret=\"+t,e.setAttribute(\"data-secret\",t)),e.contentWindow.postMessage({message:\"ready\",secret:t},\"*\")},!1)))}(window,document);\n\/\/# sourceURL=https:\/\/www.noticiasradioreflejos.com.ar\/2021\/wp-includes\/js\/wp-embed.min.js\n\/* ]]> *\/\n<\/script>\n","description":"El d\u00eda de ayer, el Secretario de Gobierno y Seguridad Ezequiel Gabella, particip\u00f3 de la ceremonia de conmemoraci\u00f3n de los 199 a\u00f1os de la creaci\u00f3n de la Polic\u00eda de la Provincia de Buenos Aires, que tuvo lugar en el Polideportivo de la Asociaci\u00f3n Empleados de Comercio \u201cEzequiel Crisol\u201d, en la localidad vecina de Bah\u00eda Blanca.","thumbnail_url":"http:\/\/live.staticflickr.com\/65535\/50752329142_177e6f097c_z.jpg"}

El día de ayer, el Secretario de Gobierno y Seguridad Ezequiel Gabella, participó de la ceremonia de conmemoración de los 199 años de la creación de la Policía de la Provincia de Buenos Aires, que tuvo lugar en el Polideportivo de la Asociación Empleados de Comercio “Ezequiel Crisol”, en la localidad vecina de Bahía Blanca.
