{"version":"1.0","provider_name":"Noticias Radio Reflejos","provider_url":"https:\/\/www.noticiasradioreflejos.com.ar\/2021","author_name":"Arnaldo Botto","author_url":"https:\/\/www.noticiasradioreflejos.com.ar\/2021\/author\/arnaldo\/","title":"Qued\u00f3 inaugurado el SAME PROVINCIA en el distrito - Noticias Radio Reflejos","type":"rich","width":600,"height":338,"html":"<blockquote class=\"wp-embedded-content\" data-secret=\"m4K85KFe2N\"><a href=\"https:\/\/www.noticiasradioreflejos.com.ar\/2021\/quedo-inaugurado-el-same-provincia-en-el-distrito\/\">Qued\u00f3 inaugurado el SAME PROVINCIA en el distrito<\/a><\/blockquote><iframe sandbox=\"allow-scripts\" security=\"restricted\" src=\"https:\/\/www.noticiasradioreflejos.com.ar\/2021\/quedo-inaugurado-el-same-provincia-en-el-distrito\/embed\/#?secret=m4K85KFe2N\" width=\"600\" height=\"338\" title=\"\u00abQued\u00f3 inaugurado el SAME PROVINCIA en el distrito\u00bb \u2014 Noticias Radio Reflejos\" data-secret=\"m4K85KFe2N\" frameborder=\"0\" marginwidth=\"0\" marginheight=\"0\" scrolling=\"no\" class=\"wp-embedded-content\"><\/iframe><script type=\"text\/javascript\">\n\/* <![CDATA[ *\/\n\/*! This file is auto-generated *\/\n!function(d,l){\"use strict\";l.querySelector&&d.addEventListener&&\"undefined\"!=typeof URL&&(d.wp=d.wp||{},d.wp.receiveEmbedMessage||(d.wp.receiveEmbedMessage=function(e){var t=e.data;if((t||t.secret||t.message||t.value)&&!\/[^a-zA-Z0-9]\/.test(t.secret)){for(var s,r,n,a=l.querySelectorAll('iframe[data-secret=\"'+t.secret+'\"]'),o=l.querySelectorAll('blockquote[data-secret=\"'+t.secret+'\"]'),c=new RegExp(\"^https?:$\",\"i\"),i=0;i<o.length;i++)o[i].style.display=\"none\";for(i=0;i<a.length;i++)s=a[i],e.source===s.contentWindow&&(s.removeAttribute(\"style\"),\"height\"===t.message?(1e3<(r=parseInt(t.value,10))?r=1e3:~~r<200&&(r=200),s.height=r):\"link\"===t.message&&(r=new URL(s.getAttribute(\"src\")),n=new URL(t.value),c.test(n.protocol))&&n.host===r.host&&l.activeElement===s&&(d.top.location.href=t.value))}},d.addEventListener(\"message\",d.wp.receiveEmbedMessage,!1),l.addEventListener(\"DOMContentLoaded\",function(){for(var e,t,s=l.querySelectorAll(\"iframe.wp-embedded-content\"),r=0;r<s.length;r++)(t=(e=s[r]).getAttribute(\"data-secret\"))||(t=Math.random().toString(36).substring(2,12),e.src+=\"#?secret=\"+t,e.setAttribute(\"data-secret\",t)),e.contentWindow.postMessage({message:\"ready\",secret:t},\"*\")},!1)))}(window,document);\n\/\/# sourceURL=https:\/\/www.noticiasradioreflejos.com.ar\/2021\/wp-includes\/js\/wp-embed.min.js\n\/* ]]> *\/\n<\/script>\n","description":"Hoy por la ma\u00f1ana, el Intendente municipal Sergio Bordoni recibi\u00f3 en su despacho al Lic. Federico Pupillio, representante del SAME Provincia, para firmar el convenio que dar\u00e1 el marco regulatorio para la implementaci\u00f3n del sistema. Tornquist, es el 49\u00b0 municipio en instalar el servicio de emergencias del estado bonaerense, que cuida a m\u00e1s de 8 [&hellip;]","thumbnail_url":"http:\/\/farm1.staticflickr.com\/982\/41263552714_b79818231e.jpg"}

Quedó inaugurado el SAME PROVINCIA en el distrito - Noticias Radio Reflejos

<blockquote class="wp-embedded-content" data-secret="m4K85KFe2N"><a href="https://www.noticiasradioreflejos.com.ar/2021/quedo-inaugurado-el-same-provincia-en-el-distrito/">Quedó inaugurado el SAME PROVINCIA en el distrito</a></blockquote><iframe sandbox="allow-scripts" security="restricted" src="https://www.noticiasradioreflejos.com.ar/2021/quedo-inaugurado-el-same-provincia-en-el-distrito/embed/#?secret=m4K85KFe2N" width="600" height="338" title="«Quedó inaugurado el SAME PROVINCIA en el distrito» — Noticias Radio Reflejos" data-secret="m4K85KFe2N" frameborder="0" marginwidth="0" marginheight="0" scrolling="no" class="wp-embedded-content"></iframe><script type="text/javascript">
/* <![CDATA[ */
/*! This file is auto-generated */
!function(d,l){"use strict";l.querySelector&&d.addEventListener&&"undefined"!=typeof URL&&(d.wp=d.wp||{},d.wp.receiveEmbedMessage||(d.wp.receiveEmbedMessage=function(e){var t=e.data;if((t||t.secret||t.message||t.value)&&!/[^a-zA-Z0-9]/.test(t.secret)){for(var s,r,n,a=l.querySelectorAll('iframe[data-secret="'+t.secret+'"]'),o=l.querySelectorAll('blockquote[data-secret="'+t.secret+'"]'),c=new RegExp("^https?:$","i"),i=0;i<o.length;i++)o[i].style.display="none";for(i=0;i<a.length;i++)s=a[i],e.source===s.contentWindow&&(s.removeAttribute("style"),"height"===t.message?(1e3<(r=parseInt(t.value,10))?r=1e3:~~r<200&&(r=200),s.height=r):"link"===t.message&&(r=new URL(s.getAttribute("src")),n=new URL(t.value),c.test(n.protocol))&&n.host===r.host&&l.activeElement===s&&(d.top.location.href=t.value))}},d.addEventListener("message",d.wp.receiveEmbedMessage,!1),l.addEventListener("DOMContentLoaded",function(){for(var e,t,s=l.querySelectorAll("iframe.wp-embedded-content"),r=0;r<s.length;r++)(t=(e=s[r]).getAttribute("data-secret"))||(t=Math.random().toString(36).substring(2,12),e.src+="#?secret="+t,e.setAttribute("data-secret",t)),e.contentWindow.postMessage({message:"ready",secret:t},"*")},!1)))}(window,document);
//# sourceURL=https://www.noticiasradioreflejos.com.ar/2021/wp-includes/js/wp-embed.min.js
/* ]]> */
</script>

Hoy por la mañana, el Intendente municipal Sergio Bordoni recibió en su despacho al Lic. Federico Pupillio, representante del SAME Provincia, para firmar el convenio que dará el marco regulatorio para la implementación del sistema. Tornquist, es el 49° municipio en instalar el servicio de emergencias del estado bonaerense, que cuida a más de 8 [&hellip;]
