{"version":"1.0","provider_name":"Noticias Radio Reflejos","provider_url":"https:\/\/www.noticiasradioreflejos.com.ar\/2021","author_name":"Arnaldo Botto","author_url":"https:\/\/www.noticiasradioreflejos.com.ar\/2021\/author\/arnaldo\/","title":"Preocupaci\u00f3n por la falta de m\u00e9dicos en SALDUNGARAY - Noticias Radio Reflejos","type":"rich","width":600,"height":338,"html":"<blockquote class=\"wp-embedded-content\" data-secret=\"NHJcuLoTog\"><a href=\"https:\/\/www.noticiasradioreflejos.com.ar\/2021\/preocupacion-por-la-falta-de-medicos-en-saldungaray\/\">Preocupaci\u00f3n por la falta de m\u00e9dicos en SALDUNGARAY<\/a><\/blockquote><iframe sandbox=\"allow-scripts\" security=\"restricted\" src=\"https:\/\/www.noticiasradioreflejos.com.ar\/2021\/preocupacion-por-la-falta-de-medicos-en-saldungaray\/embed\/#?secret=NHJcuLoTog\" width=\"600\" height=\"338\" title=\"\u00abPreocupaci\u00f3n por la falta de m\u00e9dicos en SALDUNGARAY\u00bb \u2014 Noticias Radio Reflejos\" data-secret=\"NHJcuLoTog\" frameborder=\"0\" marginwidth=\"0\" marginheight=\"0\" scrolling=\"no\" class=\"wp-embedded-content\"><\/iframe><script type=\"text\/javascript\">\n\/* <![CDATA[ *\/\n\/*! This file is auto-generated *\/\n!function(d,l){\"use strict\";l.querySelector&&d.addEventListener&&\"undefined\"!=typeof URL&&(d.wp=d.wp||{},d.wp.receiveEmbedMessage||(d.wp.receiveEmbedMessage=function(e){var t=e.data;if((t||t.secret||t.message||t.value)&&!\/[^a-zA-Z0-9]\/.test(t.secret)){for(var s,r,n,a=l.querySelectorAll('iframe[data-secret=\"'+t.secret+'\"]'),o=l.querySelectorAll('blockquote[data-secret=\"'+t.secret+'\"]'),c=new RegExp(\"^https?:$\",\"i\"),i=0;i<o.length;i++)o[i].style.display=\"none\";for(i=0;i<a.length;i++)s=a[i],e.source===s.contentWindow&&(s.removeAttribute(\"style\"),\"height\"===t.message?(1e3<(r=parseInt(t.value,10))?r=1e3:~~r<200&&(r=200),s.height=r):\"link\"===t.message&&(r=new URL(s.getAttribute(\"src\")),n=new URL(t.value),c.test(n.protocol))&&n.host===r.host&&l.activeElement===s&&(d.top.location.href=t.value))}},d.addEventListener(\"message\",d.wp.receiveEmbedMessage,!1),l.addEventListener(\"DOMContentLoaded\",function(){for(var e,t,s=l.querySelectorAll(\"iframe.wp-embedded-content\"),r=0;r<s.length;r++)(t=(e=s[r]).getAttribute(\"data-secret\"))||(t=Math.random().toString(36).substring(2,12),e.src+=\"#?secret=\"+t,e.setAttribute(\"data-secret\",t)),e.contentWindow.postMessage({message:\"ready\",secret:t},\"*\")},!1)))}(window,document);\n\/\/# sourceURL=https:\/\/www.noticiasradioreflejos.com.ar\/2021\/wp-includes\/js\/wp-embed.min.js\n\/* ]]> *\/\n<\/script>\n","thumbnail_url":"https:\/\/www.noticiasradioreflejos.com.ar\/2021\/wp-content\/uploads\/2021\/08\/Unidad-Sanitaria-de-Saldungaray.jpg","thumbnail_width":518,"thumbnail_height":316,"description":"Frente a la problem\u00e1tica detectada y planteada por vecinos de Saldungaray respecto a la falta de M\u00e9dico los d\u00edas lunes y martes en la Unidad Sanitaria nos comunicamos con el Director de la Sala Dr. Sebasti\u00e1n Ducasa quien explic\u00f3 la falta de personal m\u00e9dico luego de la jubilaci\u00f3n del Dr. Jorge Ducasa."}

Preocupación por la falta de médicos en SALDUNGARAY - Noticias Radio Reflejos

<blockquote class="wp-embedded-content" data-secret="NHJcuLoTog"><a href="https://www.noticiasradioreflejos.com.ar/2021/preocupacion-por-la-falta-de-medicos-en-saldungaray/">Preocupación por la falta de médicos en SALDUNGARAY</a></blockquote><iframe sandbox="allow-scripts" security="restricted" src="https://www.noticiasradioreflejos.com.ar/2021/preocupacion-por-la-falta-de-medicos-en-saldungaray/embed/#?secret=NHJcuLoTog" width="600" height="338" title="«Preocupación por la falta de médicos en SALDUNGARAY» — Noticias Radio Reflejos" data-secret="NHJcuLoTog" frameborder="0" marginwidth="0" marginheight="0" scrolling="no" class="wp-embedded-content"></iframe><script type="text/javascript">
/* <![CDATA[ */
/*! This file is auto-generated */
!function(d,l){"use strict";l.querySelector&&d.addEventListener&&"undefined"!=typeof URL&&(d.wp=d.wp||{},d.wp.receiveEmbedMessage||(d.wp.receiveEmbedMessage=function(e){var t=e.data;if((t||t.secret||t.message||t.value)&&!/[^a-zA-Z0-9]/.test(t.secret)){for(var s,r,n,a=l.querySelectorAll('iframe[data-secret="'+t.secret+'"]'),o=l.querySelectorAll('blockquote[data-secret="'+t.secret+'"]'),c=new RegExp("^https?:$","i"),i=0;i<o.length;i++)o[i].style.display="none";for(i=0;i<a.length;i++)s=a[i],e.source===s.contentWindow&&(s.removeAttribute("style"),"height"===t.message?(1e3<(r=parseInt(t.value,10))?r=1e3:~~r<200&&(r=200),s.height=r):"link"===t.message&&(r=new URL(s.getAttribute("src")),n=new URL(t.value),c.test(n.protocol))&&n.host===r.host&&l.activeElement===s&&(d.top.location.href=t.value))}},d.addEventListener("message",d.wp.receiveEmbedMessage,!1),l.addEventListener("DOMContentLoaded",function(){for(var e,t,s=l.querySelectorAll("iframe.wp-embedded-content"),r=0;r<s.length;r++)(t=(e=s[r]).getAttribute("data-secret"))||(t=Math.random().toString(36).substring(2,12),e.src+="#?secret="+t,e.setAttribute("data-secret",t)),e.contentWindow.postMessage({message:"ready",secret:t},"*")},!1)))}(window,document);
//# sourceURL=https://www.noticiasradioreflejos.com.ar/2021/wp-includes/js/wp-embed.min.js
/* ]]> */
</script>

Frente a la problemática detectada y planteada por vecinos de Saldungaray respecto a la falta de Médico los días lunes y martes en la Unidad Sanitaria nos comunicamos con el Director de la Sala Dr. Sebastián Ducasa quien explicó la falta de personal médico luego de la jubilación del Dr. Jorge Ducasa.
