{"version":"1.0","provider_name":"Noticias Radio Reflejos","provider_url":"https:\/\/www.noticiasradioreflejos.com.ar\/2021","author_name":"Arnaldo Botto","author_url":"https:\/\/www.noticiasradioreflejos.com.ar\/2021\/author\/arnaldo\/","title":"PARQUE TOMADO. \u00bfAMBIENTALISMO POPULAR? - Noticias Radio Reflejos","type":"rich","width":600,"height":338,"html":"<blockquote class=\"wp-embedded-content\" data-secret=\"JrEcT8Obxp\"><a href=\"https:\/\/www.noticiasradioreflejos.com.ar\/2021\/parque-tomado-ambientalismo-popular\/\">PARQUE TOMADO. \u00bfAMBIENTALISMO POPULAR?<\/a><\/blockquote><iframe sandbox=\"allow-scripts\" security=\"restricted\" src=\"https:\/\/www.noticiasradioreflejos.com.ar\/2021\/parque-tomado-ambientalismo-popular\/embed\/#?secret=JrEcT8Obxp\" width=\"600\" height=\"338\" title=\"\u00abPARQUE TOMADO. \u00bfAMBIENTALISMO POPULAR?\u00bb \u2014 Noticias Radio Reflejos\" data-secret=\"JrEcT8Obxp\" frameborder=\"0\" marginwidth=\"0\" marginheight=\"0\" scrolling=\"no\" class=\"wp-embedded-content\"><\/iframe><script type=\"text\/javascript\">\n\/* <![CDATA[ *\/\n\/*! This file is auto-generated *\/\n!function(d,l){\"use strict\";l.querySelector&&d.addEventListener&&\"undefined\"!=typeof URL&&(d.wp=d.wp||{},d.wp.receiveEmbedMessage||(d.wp.receiveEmbedMessage=function(e){var t=e.data;if((t||t.secret||t.message||t.value)&&!\/[^a-zA-Z0-9]\/.test(t.secret)){for(var s,r,n,a=l.querySelectorAll('iframe[data-secret=\"'+t.secret+'\"]'),o=l.querySelectorAll('blockquote[data-secret=\"'+t.secret+'\"]'),c=new RegExp(\"^https?:$\",\"i\"),i=0;i<o.length;i++)o[i].style.display=\"none\";for(i=0;i<a.length;i++)s=a[i],e.source===s.contentWindow&&(s.removeAttribute(\"style\"),\"height\"===t.message?(1e3<(r=parseInt(t.value,10))?r=1e3:~~r<200&&(r=200),s.height=r):\"link\"===t.message&&(r=new URL(s.getAttribute(\"src\")),n=new URL(t.value),c.test(n.protocol))&&n.host===r.host&&l.activeElement===s&&(d.top.location.href=t.value))}},d.addEventListener(\"message\",d.wp.receiveEmbedMessage,!1),l.addEventListener(\"DOMContentLoaded\",function(){for(var e,t,s=l.querySelectorAll(\"iframe.wp-embedded-content\"),r=0;r<s.length;r++)(t=(e=s[r]).getAttribute(\"data-secret\"))||(t=Math.random().toString(36).substring(2,12),e.src+=\"#?secret=\"+t,e.setAttribute(\"data-secret\",t)),e.contentWindow.postMessage({message:\"ready\",secret:t},\"*\")},!1)))}(window,document);\n\/\/# sourceURL=https:\/\/www.noticiasradioreflejos.com.ar\/2021\/wp-includes\/js\/wp-embed.min.js\n\/* ]]> *\/\n<\/script>\n","thumbnail_url":"https:\/\/www.noticiasradioreflejos.com.ar\/2021\/wp-content\/uploads\/2022\/12\/PPET-4-scaled.jpg","thumbnail_width":2560,"thumbnail_height":1798,"description":"El Parque Provincial Ernesto Tornquist, tiene \u201cel doble prop\u00f3sito de proteger la naturaleza y ofrecer solaz al pueblo\u2026\u201d. Qu\u00e9 parad\u00f3jico que esta unidad de conservaci\u00f3n sea la Reserva con m\u00e1s requisitos de ingreso. Para subir al Cerro Ventana se requiere, adem\u00e1s de abonar el derecho de entrada, pagar los honorarios de un Gu\u00eda privado. Siendo [&hellip;]"}

El Parque Provincial Ernesto Tornquist, tiene “el doble propósito de proteger la naturaleza y ofrecer solaz al pueblo…”. Qué paradójico que esta unidad de conservación sea la Reserva con más requisitos de ingreso. Para subir al Cerro Ventana se requiere, además de abonar el derecho de entrada, pagar los honorarios de un Guía privado. Siendo [&hellip;]
