{"version":"1.0","provider_name":"Noticias Radio Reflejos","provider_url":"https:\/\/www.noticiasradioreflejos.com.ar\/2021","author_name":"Arnaldo Botto","author_url":"https:\/\/www.noticiasradioreflejos.com.ar\/2021\/author\/arnaldo\/","title":"Pablo Balario: \u201cFue la fiesta so\u00f1ada\u201d - Noticias Radio Reflejos","type":"rich","width":600,"height":338,"html":"<blockquote class=\"wp-embedded-content\" data-secret=\"kjwqcTXMqj\"><a href=\"https:\/\/www.noticiasradioreflejos.com.ar\/2021\/pablo-balario-fue-la-fiesta-sonada\/\">Pablo Balario: \u201cFue la fiesta so\u00f1ada\u201d<\/a><\/blockquote><iframe sandbox=\"allow-scripts\" security=\"restricted\" src=\"https:\/\/www.noticiasradioreflejos.com.ar\/2021\/pablo-balario-fue-la-fiesta-sonada\/embed\/#?secret=kjwqcTXMqj\" width=\"600\" height=\"338\" title=\"\u00abPablo Balario: \u201cFue la fiesta so\u00f1ada\u201d\u00bb \u2014 Noticias Radio Reflejos\" data-secret=\"kjwqcTXMqj\" frameborder=\"0\" marginwidth=\"0\" marginheight=\"0\" scrolling=\"no\" class=\"wp-embedded-content\"><\/iframe><script type=\"text\/javascript\">\n\/* <![CDATA[ *\/\n\/*! This file is auto-generated *\/\n!function(d,l){\"use strict\";l.querySelector&&d.addEventListener&&\"undefined\"!=typeof URL&&(d.wp=d.wp||{},d.wp.receiveEmbedMessage||(d.wp.receiveEmbedMessage=function(e){var t=e.data;if((t||t.secret||t.message||t.value)&&!\/[^a-zA-Z0-9]\/.test(t.secret)){for(var s,r,n,a=l.querySelectorAll('iframe[data-secret=\"'+t.secret+'\"]'),o=l.querySelectorAll('blockquote[data-secret=\"'+t.secret+'\"]'),c=new RegExp(\"^https?:$\",\"i\"),i=0;i<o.length;i++)o[i].style.display=\"none\";for(i=0;i<a.length;i++)s=a[i],e.source===s.contentWindow&&(s.removeAttribute(\"style\"),\"height\"===t.message?(1e3<(r=parseInt(t.value,10))?r=1e3:~~r<200&&(r=200),s.height=r):\"link\"===t.message&&(r=new URL(s.getAttribute(\"src\")),n=new URL(t.value),c.test(n.protocol))&&n.host===r.host&&l.activeElement===s&&(d.top.location.href=t.value))}},d.addEventListener(\"message\",d.wp.receiveEmbedMessage,!1),l.addEventListener(\"DOMContentLoaded\",function(){for(var e,t,s=l.querySelectorAll(\"iframe.wp-embedded-content\"),r=0;r<s.length;r++)(t=(e=s[r]).getAttribute(\"data-secret\"))||(t=Math.random().toString(36).substring(2,12),e.src+=\"#?secret=\"+t,e.setAttribute(\"data-secret\",t)),e.contentWindow.postMessage({message:\"ready\",secret:t},\"*\")},!1)))}(window,document);\n\/\/# sourceURL=https:\/\/www.noticiasradioreflejos.com.ar\/2021\/wp-includes\/js\/wp-embed.min.js\n\/* ]]> *\/\n<\/script>\n","description":"Uno de los organizadores de la Fiesta de las Golondrinas dej\u00f3 su balance tras lo que se considera un \u00e9xito total. \u201cCuando ten\u00e9s m\u00e1s gente tirando del carro el peso es much\u00edsimo menos\u201d afirm\u00f3.","thumbnail_url":"https:\/\/live.staticflickr.com\/65535\/52647150128_74ffaf3ba8_c.jpg"}

Pablo Balario: “Fue la fiesta soñada” - Noticias Radio Reflejos

<blockquote class="wp-embedded-content" data-secret="kjwqcTXMqj"><a href="https://www.noticiasradioreflejos.com.ar/2021/pablo-balario-fue-la-fiesta-sonada/">Pablo Balario: “Fue la fiesta soñada”</a></blockquote><iframe sandbox="allow-scripts" security="restricted" src="https://www.noticiasradioreflejos.com.ar/2021/pablo-balario-fue-la-fiesta-sonada/embed/#?secret=kjwqcTXMqj" width="600" height="338" title="«Pablo Balario: “Fue la fiesta soñada”» — Noticias Radio Reflejos" data-secret="kjwqcTXMqj" frameborder="0" marginwidth="0" marginheight="0" scrolling="no" class="wp-embedded-content"></iframe><script type="text/javascript">
/* <![CDATA[ */
/*! This file is auto-generated */
!function(d,l){"use strict";l.querySelector&&d.addEventListener&&"undefined"!=typeof URL&&(d.wp=d.wp||{},d.wp.receiveEmbedMessage||(d.wp.receiveEmbedMessage=function(e){var t=e.data;if((t||t.secret||t.message||t.value)&&!/[^a-zA-Z0-9]/.test(t.secret)){for(var s,r,n,a=l.querySelectorAll('iframe[data-secret="'+t.secret+'"]'),o=l.querySelectorAll('blockquote[data-secret="'+t.secret+'"]'),c=new RegExp("^https?:$","i"),i=0;i<o.length;i++)o[i].style.display="none";for(i=0;i<a.length;i++)s=a[i],e.source===s.contentWindow&&(s.removeAttribute("style"),"height"===t.message?(1e3<(r=parseInt(t.value,10))?r=1e3:~~r<200&&(r=200),s.height=r):"link"===t.message&&(r=new URL(s.getAttribute("src")),n=new URL(t.value),c.test(n.protocol))&&n.host===r.host&&l.activeElement===s&&(d.top.location.href=t.value))}},d.addEventListener("message",d.wp.receiveEmbedMessage,!1),l.addEventListener("DOMContentLoaded",function(){for(var e,t,s=l.querySelectorAll("iframe.wp-embedded-content"),r=0;r<s.length;r++)(t=(e=s[r]).getAttribute("data-secret"))||(t=Math.random().toString(36).substring(2,12),e.src+="#?secret="+t,e.setAttribute("data-secret",t)),e.contentWindow.postMessage({message:"ready",secret:t},"*")},!1)))}(window,document);
//# sourceURL=https://www.noticiasradioreflejos.com.ar/2021/wp-includes/js/wp-embed.min.js
/* ]]> */
</script>

Uno de los organizadores de la Fiesta de las Golondrinas dejó su balance tras lo que se considera un éxito total. “Cuando tenés más gente tirando del carro el peso es muchísimo menos” afirmó.
