{"version":"1.0","provider_name":"Noticias Radio Reflejos","provider_url":"https:\/\/www.noticiasradioreflejos.com.ar\/2021","author_name":"Arnaldo Botto","author_url":"https:\/\/www.noticiasradioreflejos.com.ar\/2021\/author\/arnaldo\/","title":"Opiniones de concejales tras la sesi\u00f3n inuagural. - Noticias Radio Reflejos","type":"rich","width":600,"height":338,"html":"<blockquote class=\"wp-embedded-content\" data-secret=\"VF8DUeAOzB\"><a href=\"https:\/\/www.noticiasradioreflejos.com.ar\/2021\/opiniones-de-concejales-tras-la-sesion-inuagural\/\">Opiniones de concejales tras la sesi\u00f3n inuagural.<\/a><\/blockquote><iframe sandbox=\"allow-scripts\" security=\"restricted\" src=\"https:\/\/www.noticiasradioreflejos.com.ar\/2021\/opiniones-de-concejales-tras-la-sesion-inuagural\/embed\/#?secret=VF8DUeAOzB\" width=\"600\" height=\"338\" title=\"\u00abOpiniones de concejales tras la sesi\u00f3n inuagural.\u00bb \u2014 Noticias Radio Reflejos\" data-secret=\"VF8DUeAOzB\" frameborder=\"0\" marginwidth=\"0\" marginheight=\"0\" scrolling=\"no\" class=\"wp-embedded-content\"><\/iframe><script type=\"text\/javascript\">\n\/* <![CDATA[ *\/\n\/*! This file is auto-generated *\/\n!function(d,l){\"use strict\";l.querySelector&&d.addEventListener&&\"undefined\"!=typeof URL&&(d.wp=d.wp||{},d.wp.receiveEmbedMessage||(d.wp.receiveEmbedMessage=function(e){var t=e.data;if((t||t.secret||t.message||t.value)&&!\/[^a-zA-Z0-9]\/.test(t.secret)){for(var s,r,n,a=l.querySelectorAll('iframe[data-secret=\"'+t.secret+'\"]'),o=l.querySelectorAll('blockquote[data-secret=\"'+t.secret+'\"]'),c=new RegExp(\"^https?:$\",\"i\"),i=0;i<o.length;i++)o[i].style.display=\"none\";for(i=0;i<a.length;i++)s=a[i],e.source===s.contentWindow&&(s.removeAttribute(\"style\"),\"height\"===t.message?(1e3<(r=parseInt(t.value,10))?r=1e3:~~r<200&&(r=200),s.height=r):\"link\"===t.message&&(r=new URL(s.getAttribute(\"src\")),n=new URL(t.value),c.test(n.protocol))&&n.host===r.host&&l.activeElement===s&&(d.top.location.href=t.value))}},d.addEventListener(\"message\",d.wp.receiveEmbedMessage,!1),l.addEventListener(\"DOMContentLoaded\",function(){for(var e,t,s=l.querySelectorAll(\"iframe.wp-embedded-content\"),r=0;r<s.length;r++)(t=(e=s[r]).getAttribute(\"data-secret\"))||(t=Math.random().toString(36).substring(2,12),e.src+=\"#?secret=\"+t,e.setAttribute(\"data-secret\",t)),e.contentWindow.postMessage({message:\"ready\",secret:t},\"*\")},!1)))}(window,document);\n\/\/# sourceURL=https:\/\/www.noticiasradioreflejos.com.ar\/2021\/wp-includes\/js\/wp-embed.min.js\n\/* ]]> *\/\n<\/script>\n","description":"La concejal del FPV\u00a0\u00a0Mar\u00eda Ofelia Skolak afirm\u00f3 que sinti\u00f3 \u00ab\u00a0una alocuci\u00f3n de campa\u00f1a\u201d, en tanto que Sebasti\u00e1n Bass\u00ed,\u00a0 que asumi\u00f3 en reemplazo de Germ\u00e1n De Larena, Tuvo una mirada cr\u00edtica al gobierna nacional y asegur\u00f3:\u00a0\u00abBordoni ha sido cr\u00edtico con el gobierno nacional y provincial y no hubo castigos. En eso Cambiemos es distinto\u00bb. Entrevistas realizadas [&hellip;]","thumbnail_url":"http:\/\/farm8.staticflickr.com\/7842\/40291685723_2b41792002.jpg"}

Opiniones de concejales tras la sesión inuagural. - Noticias Radio Reflejos

<blockquote class="wp-embedded-content" data-secret="VF8DUeAOzB"><a href="https://www.noticiasradioreflejos.com.ar/2021/opiniones-de-concejales-tras-la-sesion-inuagural/">Opiniones de concejales tras la sesión inuagural.</a></blockquote><iframe sandbox="allow-scripts" security="restricted" src="https://www.noticiasradioreflejos.com.ar/2021/opiniones-de-concejales-tras-la-sesion-inuagural/embed/#?secret=VF8DUeAOzB" width="600" height="338" title="«Opiniones de concejales tras la sesión inuagural.» — Noticias Radio Reflejos" data-secret="VF8DUeAOzB" frameborder="0" marginwidth="0" marginheight="0" scrolling="no" class="wp-embedded-content"></iframe><script type="text/javascript">
/* <![CDATA[ */
/*! This file is auto-generated */
!function(d,l){"use strict";l.querySelector&&d.addEventListener&&"undefined"!=typeof URL&&(d.wp=d.wp||{},d.wp.receiveEmbedMessage||(d.wp.receiveEmbedMessage=function(e){var t=e.data;if((t||t.secret||t.message||t.value)&&!/[^a-zA-Z0-9]/.test(t.secret)){for(var s,r,n,a=l.querySelectorAll('iframe[data-secret="'+t.secret+'"]'),o=l.querySelectorAll('blockquote[data-secret="'+t.secret+'"]'),c=new RegExp("^https?:$","i"),i=0;i<o.length;i++)o[i].style.display="none";for(i=0;i<a.length;i++)s=a[i],e.source===s.contentWindow&&(s.removeAttribute("style"),"height"===t.message?(1e3<(r=parseInt(t.value,10))?r=1e3:~~r<200&&(r=200),s.height=r):"link"===t.message&&(r=new URL(s.getAttribute("src")),n=new URL(t.value),c.test(n.protocol))&&n.host===r.host&&l.activeElement===s&&(d.top.location.href=t.value))}},d.addEventListener("message",d.wp.receiveEmbedMessage,!1),l.addEventListener("DOMContentLoaded",function(){for(var e,t,s=l.querySelectorAll("iframe.wp-embedded-content"),r=0;r<s.length;r++)(t=(e=s[r]).getAttribute("data-secret"))||(t=Math.random().toString(36).substring(2,12),e.src+="#?secret="+t,e.setAttribute("data-secret",t)),e.contentWindow.postMessage({message:"ready",secret:t},"*")},!1)))}(window,document);
//# sourceURL=https://www.noticiasradioreflejos.com.ar/2021/wp-includes/js/wp-embed.min.js
/* ]]> */
</script>

La concejal del FPV  María Ofelia Skolak afirmó que sintió « una alocución de campaña”, en tanto que Sebastián Bassí,  que asumió en reemplazo de Germán De Larena, Tuvo una mirada crítica al gobierna nacional y aseguró: «Bordoni ha sido crítico con el gobierno nacional y provincial y no hubo castigos. En eso Cambiemos es distinto». Entrevistas realizadas [&hellip;]
