{"version":"1.0","provider_name":"Noticias Radio Reflejos","provider_url":"https:\/\/www.noticiasradioreflejos.com.ar\/2021","author_name":"Ulises Nicolini","author_url":"https:\/\/www.noticiasradioreflejos.com.ar\/2021\/author\/admin\/","title":"Nuevo Jefe Policial en Sierra de la Ventana - Noticias Radio Reflejos","type":"rich","width":600,"height":338,"html":"<blockquote class=\"wp-embedded-content\" data-secret=\"BanAq1d4VK\"><a href=\"https:\/\/www.noticiasradioreflejos.com.ar\/2021\/nuevo-jefe-policial-en-sierra-de-la-ventana\/\">Nuevo Jefe Policial en Sierra de la Ventana<\/a><\/blockquote><iframe sandbox=\"allow-scripts\" security=\"restricted\" src=\"https:\/\/www.noticiasradioreflejos.com.ar\/2021\/nuevo-jefe-policial-en-sierra-de-la-ventana\/embed\/#?secret=BanAq1d4VK\" width=\"600\" height=\"338\" title=\"\u00abNuevo Jefe Policial en Sierra de la Ventana\u00bb \u2014 Noticias Radio Reflejos\" data-secret=\"BanAq1d4VK\" frameborder=\"0\" marginwidth=\"0\" marginheight=\"0\" scrolling=\"no\" class=\"wp-embedded-content\"><\/iframe><script type=\"text\/javascript\">\n\/* <![CDATA[ *\/\n\/*! This file is auto-generated *\/\n!function(d,l){\"use strict\";l.querySelector&&d.addEventListener&&\"undefined\"!=typeof URL&&(d.wp=d.wp||{},d.wp.receiveEmbedMessage||(d.wp.receiveEmbedMessage=function(e){var t=e.data;if((t||t.secret||t.message||t.value)&&!\/[^a-zA-Z0-9]\/.test(t.secret)){for(var s,r,n,a=l.querySelectorAll('iframe[data-secret=\"'+t.secret+'\"]'),o=l.querySelectorAll('blockquote[data-secret=\"'+t.secret+'\"]'),c=new RegExp(\"^https?:$\",\"i\"),i=0;i<o.length;i++)o[i].style.display=\"none\";for(i=0;i<a.length;i++)s=a[i],e.source===s.contentWindow&&(s.removeAttribute(\"style\"),\"height\"===t.message?(1e3<(r=parseInt(t.value,10))?r=1e3:~~r<200&&(r=200),s.height=r):\"link\"===t.message&&(r=new URL(s.getAttribute(\"src\")),n=new URL(t.value),c.test(n.protocol))&&n.host===r.host&&l.activeElement===s&&(d.top.location.href=t.value))}},d.addEventListener(\"message\",d.wp.receiveEmbedMessage,!1),l.addEventListener(\"DOMContentLoaded\",function(){for(var e,t,s=l.querySelectorAll(\"iframe.wp-embedded-content\"),r=0;r<s.length;r++)(t=(e=s[r]).getAttribute(\"data-secret\"))||(t=Math.random().toString(36).substring(2,12),e.src+=\"#?secret=\"+t,e.setAttribute(\"data-secret\",t)),e.contentWindow.postMessage({message:\"ready\",secret:t},\"*\")},!1)))}(window,document);\n\/\/# sourceURL=https:\/\/www.noticiasradioreflejos.com.ar\/2021\/wp-includes\/js\/wp-embed.min.js\n\/* ]]> *\/\n<\/script>\n","description":"La Secretar\u00eda de Seguridad del Municipio informa a la comunidad que el d\u00eda 15 de Julio el Sr. Jefe Comunal Comisario Inspector Jorge Maffioli, puso en funciones como nuevo Jefe de la Subestaci\u00f3n de Sierra de la Ventana el Oficial Principal Gonzalo Mat\u00edas Sandobal en reemplazo del oficial Principal Martin Guzman, quien pasara a nuevo [&hellip;]","thumbnail_url":"http:\/\/farm5.staticflickr.com\/4312\/36035276986_def126424d_c.jpg"}

La Secretaría de Seguridad del Municipio informa a la comunidad que el día 15 de Julio el Sr. Jefe Comunal Comisario Inspector Jorge Maffioli, puso en funciones como nuevo Jefe de la Subestación de Sierra de la Ventana el Oficial Principal Gonzalo Matías Sandobal en reemplazo del oficial Principal Martin Guzman, quien pasara a nuevo [&hellip;]
