{"version":"1.0","provider_name":"Noticias Radio Reflejos","provider_url":"https:\/\/www.noticiasradioreflejos.com.ar\/2021","author_name":"Arnaldo Botto","author_url":"https:\/\/www.noticiasradioreflejos.com.ar\/2021\/author\/arnaldo\/","title":"\u201cLA FIESTA DEL 25\u201d en Villa Ventana. - Noticias Radio Reflejos","type":"rich","width":600,"height":338,"html":"<blockquote class=\"wp-embedded-content\" data-secret=\"FbQX8ELpg6\"><a href=\"https:\/\/www.noticiasradioreflejos.com.ar\/2021\/la-fiesta-del-25-en-villa-ventana\/\">\u201cLA FIESTA DEL 25\u201d en Villa Ventana.<\/a><\/blockquote><iframe sandbox=\"allow-scripts\" security=\"restricted\" src=\"https:\/\/www.noticiasradioreflejos.com.ar\/2021\/la-fiesta-del-25-en-villa-ventana\/embed\/#?secret=FbQX8ELpg6\" width=\"600\" height=\"338\" title=\"\u00ab\u201cLA FIESTA DEL 25\u201d en Villa Ventana.\u00bb \u2014 Noticias Radio Reflejos\" data-secret=\"FbQX8ELpg6\" frameborder=\"0\" marginwidth=\"0\" marginheight=\"0\" scrolling=\"no\" class=\"wp-embedded-content\"><\/iframe><script type=\"text\/javascript\">\n\/* <![CDATA[ *\/\n\/*! This file is auto-generated *\/\n!function(d,l){\"use strict\";l.querySelector&&d.addEventListener&&\"undefined\"!=typeof URL&&(d.wp=d.wp||{},d.wp.receiveEmbedMessage||(d.wp.receiveEmbedMessage=function(e){var t=e.data;if((t||t.secret||t.message||t.value)&&!\/[^a-zA-Z0-9]\/.test(t.secret)){for(var s,r,n,a=l.querySelectorAll('iframe[data-secret=\"'+t.secret+'\"]'),o=l.querySelectorAll('blockquote[data-secret=\"'+t.secret+'\"]'),c=new RegExp(\"^https?:$\",\"i\"),i=0;i<o.length;i++)o[i].style.display=\"none\";for(i=0;i<a.length;i++)s=a[i],e.source===s.contentWindow&&(s.removeAttribute(\"style\"),\"height\"===t.message?(1e3<(r=parseInt(t.value,10))?r=1e3:~~r<200&&(r=200),s.height=r):\"link\"===t.message&&(r=new URL(s.getAttribute(\"src\")),n=new URL(t.value),c.test(n.protocol))&&n.host===r.host&&l.activeElement===s&&(d.top.location.href=t.value))}},d.addEventListener(\"message\",d.wp.receiveEmbedMessage,!1),l.addEventListener(\"DOMContentLoaded\",function(){for(var e,t,s=l.querySelectorAll(\"iframe.wp-embedded-content\"),r=0;r<s.length;r++)(t=(e=s[r]).getAttribute(\"data-secret\"))||(t=Math.random().toString(36).substring(2,12),e.src+=\"#?secret=\"+t,e.setAttribute(\"data-secret\",t)),e.contentWindow.postMessage({message:\"ready\",secret:t},\"*\")},!1)))}(window,document);\n\/\/# sourceURL=https:\/\/www.noticiasradioreflejos.com.ar\/2021\/wp-includes\/js\/wp-embed.min.js\n\/* ]]> *\/\n<\/script>\n","description":"La Asociaci\u00f3n de Bomberos Voluntarios de Villa Ventana se encuentra ultimando los detalles de organizaci\u00f3n del evento previsto para ma\u00f1ana s\u00e1bado, para festejar el 25 de Mayo. El mismo se denomina \u201cLa Fiesta del 25\u201d, habr\u00e1 de realizarse en las instalaciones del nuevo Cuartel, en el horario de 12.30 a 15.30 horas aproximadamente.","thumbnail_url":"http:\/\/live.staticflickr.com\/65535\/47923647247_69675618c7.jpg"}

La Asociación de Bomberos Voluntarios de Villa Ventana se encuentra ultimando los detalles de organización del evento previsto para mañana sábado, para festejar el 25 de Mayo. El mismo se denomina “La Fiesta del 25”, habrá de realizarse en las instalaciones del nuevo Cuartel, en el horario de 12.30 a 15.30 horas aproximadamente.
