{"version":"1.0","provider_name":"Noticias Radio Reflejos","provider_url":"https:\/\/www.noticiasradioreflejos.com.ar\/2021","author_name":"Arnaldo Botto","author_url":"https:\/\/www.noticiasradioreflejos.com.ar\/2021\/author\/arnaldo\/","title":"Felicitaci\u00f3n de la escuela municipal de atletismo - Noticias Radio Reflejos","type":"rich","width":600,"height":338,"html":"<blockquote class=\"wp-embedded-content\" data-secret=\"FvMTfT5Cmt\"><a href=\"https:\/\/www.noticiasradioreflejos.com.ar\/2021\/felicitacion-de-la-escuela-municipal-de-atletismo\/\">Felicitaci\u00f3n de la escuela municipal de atletismo<\/a><\/blockquote><iframe sandbox=\"allow-scripts\" security=\"restricted\" src=\"https:\/\/www.noticiasradioreflejos.com.ar\/2021\/felicitacion-de-la-escuela-municipal-de-atletismo\/embed\/#?secret=FvMTfT5Cmt\" width=\"600\" height=\"338\" title=\"\u00abFelicitaci\u00f3n de la escuela municipal de atletismo\u00bb \u2014 Noticias Radio Reflejos\" data-secret=\"FvMTfT5Cmt\" frameborder=\"0\" marginwidth=\"0\" marginheight=\"0\" scrolling=\"no\" class=\"wp-embedded-content\"><\/iframe><script type=\"text\/javascript\">\n\/* <![CDATA[ *\/\n\/*! This file is auto-generated *\/\n!function(d,l){\"use strict\";l.querySelector&&d.addEventListener&&\"undefined\"!=typeof URL&&(d.wp=d.wp||{},d.wp.receiveEmbedMessage||(d.wp.receiveEmbedMessage=function(e){var t=e.data;if((t||t.secret||t.message||t.value)&&!\/[^a-zA-Z0-9]\/.test(t.secret)){for(var s,r,n,a=l.querySelectorAll('iframe[data-secret=\"'+t.secret+'\"]'),o=l.querySelectorAll('blockquote[data-secret=\"'+t.secret+'\"]'),c=new RegExp(\"^https?:$\",\"i\"),i=0;i<o.length;i++)o[i].style.display=\"none\";for(i=0;i<a.length;i++)s=a[i],e.source===s.contentWindow&&(s.removeAttribute(\"style\"),\"height\"===t.message?(1e3<(r=parseInt(t.value,10))?r=1e3:~~r<200&&(r=200),s.height=r):\"link\"===t.message&&(r=new URL(s.getAttribute(\"src\")),n=new URL(t.value),c.test(n.protocol))&&n.host===r.host&&l.activeElement===s&&(d.top.location.href=t.value))}},d.addEventListener(\"message\",d.wp.receiveEmbedMessage,!1),l.addEventListener(\"DOMContentLoaded\",function(){for(var e,t,s=l.querySelectorAll(\"iframe.wp-embedded-content\"),r=0;r<s.length;r++)(t=(e=s[r]).getAttribute(\"data-secret\"))||(t=Math.random().toString(36).substring(2,12),e.src+=\"#?secret=\"+t,e.setAttribute(\"data-secret\",t)),e.contentWindow.postMessage({message:\"ready\",secret:t},\"*\")},!1)))}(window,document);\n\/\/# sourceURL=https:\/\/www.noticiasradioreflejos.com.ar\/2021\/wp-includes\/js\/wp-embed.min.js\n\/* ]]> *\/\n<\/script>\n","description":"Queremos felicitar a todos los atletas que participaron en la final de los Juegos Bonaerenses 2017, tuvieron un comportamiento ejemplar, no solo en lo deportivo sino tambi\u00e9n en lo social. En todas las jornadas demostraron el compa\u00f1erismo y el esp\u00edritu de grupo. Participaciones as\u00ed, nos llenan de orgullo.","thumbnail_url":"http:\/\/farm5.staticflickr.com\/4454\/37498331842_84285e7a3e.jpg"}

Felicitación de la escuela municipal de atletismo - Noticias Radio Reflejos

<blockquote class="wp-embedded-content" data-secret="FvMTfT5Cmt"><a href="https://www.noticiasradioreflejos.com.ar/2021/felicitacion-de-la-escuela-municipal-de-atletismo/">Felicitación de la escuela municipal de atletismo</a></blockquote><iframe sandbox="allow-scripts" security="restricted" src="https://www.noticiasradioreflejos.com.ar/2021/felicitacion-de-la-escuela-municipal-de-atletismo/embed/#?secret=FvMTfT5Cmt" width="600" height="338" title="«Felicitación de la escuela municipal de atletismo» — Noticias Radio Reflejos" data-secret="FvMTfT5Cmt" frameborder="0" marginwidth="0" marginheight="0" scrolling="no" class="wp-embedded-content"></iframe><script type="text/javascript">
/* <![CDATA[ */
/*! This file is auto-generated */
!function(d,l){"use strict";l.querySelector&&d.addEventListener&&"undefined"!=typeof URL&&(d.wp=d.wp||{},d.wp.receiveEmbedMessage||(d.wp.receiveEmbedMessage=function(e){var t=e.data;if((t||t.secret||t.message||t.value)&&!/[^a-zA-Z0-9]/.test(t.secret)){for(var s,r,n,a=l.querySelectorAll('iframe[data-secret="'+t.secret+'"]'),o=l.querySelectorAll('blockquote[data-secret="'+t.secret+'"]'),c=new RegExp("^https?:$","i"),i=0;i<o.length;i++)o[i].style.display="none";for(i=0;i<a.length;i++)s=a[i],e.source===s.contentWindow&&(s.removeAttribute("style"),"height"===t.message?(1e3<(r=parseInt(t.value,10))?r=1e3:~~r<200&&(r=200),s.height=r):"link"===t.message&&(r=new URL(s.getAttribute("src")),n=new URL(t.value),c.test(n.protocol))&&n.host===r.host&&l.activeElement===s&&(d.top.location.href=t.value))}},d.addEventListener("message",d.wp.receiveEmbedMessage,!1),l.addEventListener("DOMContentLoaded",function(){for(var e,t,s=l.querySelectorAll("iframe.wp-embedded-content"),r=0;r<s.length;r++)(t=(e=s[r]).getAttribute("data-secret"))||(t=Math.random().toString(36).substring(2,12),e.src+="#?secret="+t,e.setAttribute("data-secret",t)),e.contentWindow.postMessage({message:"ready",secret:t},"*")},!1)))}(window,document);
//# sourceURL=https://www.noticiasradioreflejos.com.ar/2021/wp-includes/js/wp-embed.min.js
/* ]]> */
</script>

Queremos felicitar a todos los atletas que participaron en la final de los Juegos Bonaerenses 2017, tuvieron un comportamiento ejemplar, no solo en lo deportivo sino también en lo social. En todas las jornadas demostraron el compañerismo y el espíritu de grupo. Participaciones así, nos llenan de orgullo.
