{"version":"1.0","provider_name":"Noticias Radio Reflejos","provider_url":"https:\/\/www.noticiasradioreflejos.com.ar\/2021","author_name":"Arnaldo Botto","author_url":"https:\/\/www.noticiasradioreflejos.com.ar\/2021\/author\/arnaldo\/","title":"Detenido por robo calificado en Tornquist. - Noticias Radio Reflejos","type":"rich","width":600,"height":338,"html":"<blockquote class=\"wp-embedded-content\" data-secret=\"wJlr9SExNP\"><a href=\"https:\/\/www.noticiasradioreflejos.com.ar\/2021\/detenido-por-robo-calificado-en-tornquist\/\">Detenido por robo calificado en Tornquist.<\/a><\/blockquote><iframe sandbox=\"allow-scripts\" security=\"restricted\" src=\"https:\/\/www.noticiasradioreflejos.com.ar\/2021\/detenido-por-robo-calificado-en-tornquist\/embed\/#?secret=wJlr9SExNP\" width=\"600\" height=\"338\" title=\"\u00abDetenido por robo calificado en Tornquist.\u00bb \u2014 Noticias Radio Reflejos\" data-secret=\"wJlr9SExNP\" frameborder=\"0\" marginwidth=\"0\" marginheight=\"0\" scrolling=\"no\" class=\"wp-embedded-content\"><\/iframe><script type=\"text\/javascript\">\n\/* <![CDATA[ *\/\n\/*! This file is auto-generated *\/\n!function(d,l){\"use strict\";l.querySelector&&d.addEventListener&&\"undefined\"!=typeof URL&&(d.wp=d.wp||{},d.wp.receiveEmbedMessage||(d.wp.receiveEmbedMessage=function(e){var t=e.data;if((t||t.secret||t.message||t.value)&&!\/[^a-zA-Z0-9]\/.test(t.secret)){for(var s,r,n,a=l.querySelectorAll('iframe[data-secret=\"'+t.secret+'\"]'),o=l.querySelectorAll('blockquote[data-secret=\"'+t.secret+'\"]'),c=new RegExp(\"^https?:$\",\"i\"),i=0;i<o.length;i++)o[i].style.display=\"none\";for(i=0;i<a.length;i++)s=a[i],e.source===s.contentWindow&&(s.removeAttribute(\"style\"),\"height\"===t.message?(1e3<(r=parseInt(t.value,10))?r=1e3:~~r<200&&(r=200),s.height=r):\"link\"===t.message&&(r=new URL(s.getAttribute(\"src\")),n=new URL(t.value),c.test(n.protocol))&&n.host===r.host&&l.activeElement===s&&(d.top.location.href=t.value))}},d.addEventListener(\"message\",d.wp.receiveEmbedMessage,!1),l.addEventListener(\"DOMContentLoaded\",function(){for(var e,t,s=l.querySelectorAll(\"iframe.wp-embedded-content\"),r=0;r<s.length;r++)(t=(e=s[r]).getAttribute(\"data-secret\"))||(t=Math.random().toString(36).substring(2,12),e.src+=\"#?secret=\"+t,e.setAttribute(\"data-secret\",t)),e.contentWindow.postMessage({message:\"ready\",secret:t},\"*\")},!1)))}(window,document);\n\/\/# sourceURL=https:\/\/www.noticiasradioreflejos.com.ar\/2021\/wp-includes\/js\/wp-embed.min.js\n\/* ]]> *\/\n<\/script>\n","description":"La Secretaria de Seguridad de la Municipalidad de Tornquist, lleva a conocimiento de la poblaci\u00f3n que a ra\u00edz de un hecho de Robo ocurrido en Tornquist con fecha Julio del a\u00f1o 2016 del que result\u00f3 damnificado Fernando Gabriel Maier, vecino del medio, tras realizar amplias tareas investigativas como as\u00ed tambi\u00e9n al trabajo mancomunado con Polic\u00eda [&hellip;]","thumbnail_url":"http:\/\/farm5.staticflickr.com\/4204\/34825105026_4fdd719bc3.jpg"}

La Secretaria de Seguridad de la Municipalidad de Tornquist, lleva a conocimiento de la población que a raíz de un hecho de Robo ocurrido en Tornquist con fecha Julio del año 2016 del que resultó damnificado Fernando Gabriel Maier, vecino del medio, tras realizar amplias tareas investigativas como así también al trabajo mancomunado con Policía [&hellip;]
