{"version":"1.0","provider_name":"Noticias Radio Reflejos","provider_url":"https:\/\/www.noticiasradioreflejos.com.ar\/2021","author_name":"Arnaldo Botto","author_url":"https:\/\/www.noticiasradioreflejos.com.ar\/2021\/author\/arnaldo\/","title":"Comunicado del Consejo municipal de la Mujer - Noticias Radio Reflejos","type":"rich","width":600,"height":338,"html":"<blockquote class=\"wp-embedded-content\" data-secret=\"YyKH1Xfpnk\"><a href=\"https:\/\/www.noticiasradioreflejos.com.ar\/2021\/comunicado-del-consejo-municipal-de-la-mujer-2\/\">Comunicado del Consejo municipal de la Mujer<\/a><\/blockquote><iframe sandbox=\"allow-scripts\" security=\"restricted\" src=\"https:\/\/www.noticiasradioreflejos.com.ar\/2021\/comunicado-del-consejo-municipal-de-la-mujer-2\/embed\/#?secret=YyKH1Xfpnk\" width=\"600\" height=\"338\" title=\"\u00abComunicado del Consejo municipal de la Mujer\u00bb \u2014 Noticias Radio Reflejos\" data-secret=\"YyKH1Xfpnk\" frameborder=\"0\" marginwidth=\"0\" marginheight=\"0\" scrolling=\"no\" class=\"wp-embedded-content\"><\/iframe><script type=\"text\/javascript\">\n\/* <![CDATA[ *\/\n\/*! This file is auto-generated *\/\n!function(d,l){\"use strict\";l.querySelector&&d.addEventListener&&\"undefined\"!=typeof URL&&(d.wp=d.wp||{},d.wp.receiveEmbedMessage||(d.wp.receiveEmbedMessage=function(e){var t=e.data;if((t||t.secret||t.message||t.value)&&!\/[^a-zA-Z0-9]\/.test(t.secret)){for(var s,r,n,a=l.querySelectorAll('iframe[data-secret=\"'+t.secret+'\"]'),o=l.querySelectorAll('blockquote[data-secret=\"'+t.secret+'\"]'),c=new RegExp(\"^https?:$\",\"i\"),i=0;i<o.length;i++)o[i].style.display=\"none\";for(i=0;i<a.length;i++)s=a[i],e.source===s.contentWindow&&(s.removeAttribute(\"style\"),\"height\"===t.message?(1e3<(r=parseInt(t.value,10))?r=1e3:~~r<200&&(r=200),s.height=r):\"link\"===t.message&&(r=new URL(s.getAttribute(\"src\")),n=new URL(t.value),c.test(n.protocol))&&n.host===r.host&&l.activeElement===s&&(d.top.location.href=t.value))}},d.addEventListener(\"message\",d.wp.receiveEmbedMessage,!1),l.addEventListener(\"DOMContentLoaded\",function(){for(var e,t,s=l.querySelectorAll(\"iframe.wp-embedded-content\"),r=0;r<s.length;r++)(t=(e=s[r]).getAttribute(\"data-secret\"))||(t=Math.random().toString(36).substring(2,12),e.src+=\"#?secret=\"+t,e.setAttribute(\"data-secret\",t)),e.contentWindow.postMessage({message:\"ready\",secret:t},\"*\")},!1)))}(window,document);\n\/\/# sourceURL=https:\/\/www.noticiasradioreflejos.com.ar\/2021\/wp-includes\/js\/wp-embed.min.js\n\/* ]]> *\/\n<\/script>\n","description":"El 8 y 9 de marzo en el marco las actividades por el D\u00eda Internacional de la Mujer Trabajadora, en cumplimiento de lo que determina la autorizaci\u00f3n que oportunamente nos otorgara la representante legal de la Campa\u00f1a internacional Proyecto Banco Rojo por acuerdo de Cooperaci\u00f3n firmado con Italia, Licenciada Elisa Mottini, inauguraremos el Banco Rojo [&hellip;]","thumbnail_url":"http:\/\/farm8.staticflickr.com\/7867\/40313758063_63dce76c18.jpg"}

El 8 y 9 de marzo en el marco las actividades por el Día Internacional de la Mujer Trabajadora, en cumplimiento de lo que determina la autorización que oportunamente nos otorgara la representante legal de la Campaña internacional Proyecto Banco Rojo por acuerdo de Cooperación firmado con Italia, Licenciada Elisa Mottini, inauguraremos el Banco Rojo [&hellip;]
