{"version":"1.0","provider_name":"Noticias Radio Reflejos","provider_url":"https:\/\/www.noticiasradioreflejos.com.ar\/2021","author_name":"Arnaldo Botto","author_url":"https:\/\/www.noticiasradioreflejos.com.ar\/2021\/author\/arnaldo\/","title":"Brillante jornada de las inferiores de Automoto - Noticias Radio Reflejos","type":"rich","width":600,"height":338,"html":"<blockquote class=\"wp-embedded-content\" data-secret=\"bGqmkuw2w9\"><a href=\"https:\/\/www.noticiasradioreflejos.com.ar\/2021\/brillante-jornada-de-las-inferiores-de-automoto\/\">Brillante jornada de las inferiores de Automoto<\/a><\/blockquote><iframe sandbox=\"allow-scripts\" security=\"restricted\" src=\"https:\/\/www.noticiasradioreflejos.com.ar\/2021\/brillante-jornada-de-las-inferiores-de-automoto\/embed\/#?secret=bGqmkuw2w9\" width=\"600\" height=\"338\" title=\"\u00abBrillante jornada de las inferiores de Automoto\u00bb \u2014 Noticias Radio Reflejos\" data-secret=\"bGqmkuw2w9\" frameborder=\"0\" marginwidth=\"0\" marginheight=\"0\" scrolling=\"no\" class=\"wp-embedded-content\"><\/iframe><script type=\"text\/javascript\">\n\/* <![CDATA[ *\/\n\/*! This file is auto-generated *\/\n!function(d,l){\"use strict\";l.querySelector&&d.addEventListener&&\"undefined\"!=typeof URL&&(d.wp=d.wp||{},d.wp.receiveEmbedMessage||(d.wp.receiveEmbedMessage=function(e){var t=e.data;if((t||t.secret||t.message||t.value)&&!\/[^a-zA-Z0-9]\/.test(t.secret)){for(var s,r,n,a=l.querySelectorAll('iframe[data-secret=\"'+t.secret+'\"]'),o=l.querySelectorAll('blockquote[data-secret=\"'+t.secret+'\"]'),c=new RegExp(\"^https?:$\",\"i\"),i=0;i<o.length;i++)o[i].style.display=\"none\";for(i=0;i<a.length;i++)s=a[i],e.source===s.contentWindow&&(s.removeAttribute(\"style\"),\"height\"===t.message?(1e3<(r=parseInt(t.value,10))?r=1e3:~~r<200&&(r=200),s.height=r):\"link\"===t.message&&(r=new URL(s.getAttribute(\"src\")),n=new URL(t.value),c.test(n.protocol))&&n.host===r.host&&l.activeElement===s&&(d.top.location.href=t.value))}},d.addEventListener(\"message\",d.wp.receiveEmbedMessage,!1),l.addEventListener(\"DOMContentLoaded\",function(){for(var e,t,s=l.querySelectorAll(\"iframe.wp-embedded-content\"),r=0;r<s.length;r++)(t=(e=s[r]).getAttribute(\"data-secret\"))||(t=Math.random().toString(36).substring(2,12),e.src+=\"#?secret=\"+t,e.setAttribute(\"data-secret\",t)),e.contentWindow.postMessage({message:\"ready\",secret:t},\"*\")},!1)))}(window,document);\n\/\/# sourceURL=https:\/\/www.noticiasradioreflejos.com.ar\/2021\/wp-includes\/js\/wp-embed.min.js\n\/* ]]> *\/\n<\/script>\n","description":"Dos partidos, dos victorias, dos grandes actuaciones. Automoto complet\u00f3 una gran jornada frente a El Progreso de Pueblo Santa Mar\u00eda, equipo al que super\u00f3 tanto en Sexta como en Octava, las dos \u00fanicas categor\u00edas que se presentaron en el marco de la segunda jornada del certamen de inferiores de la Liga Regional de Coronel Su\u00e1rez.","thumbnail_url":"http:\/\/farm1.staticflickr.com\/787\/27037664438_3161712f85.jpg"}

Dos partidos, dos victorias, dos grandes actuaciones. Automoto completó una gran jornada frente a El Progreso de Pueblo Santa María, equipo al que superó tanto en Sexta como en Octava, las dos únicas categorías que se presentaron en el marco de la segunda jornada del certamen de inferiores de la Liga Regional de Coronel Suárez.
