{"version":"1.0","provider_name":"Noticias Radio Reflejos","provider_url":"https:\/\/www.noticiasradioreflejos.com.ar\/2021","author_name":"Arnaldo Botto","author_url":"https:\/\/www.noticiasradioreflejos.com.ar\/2021\/author\/arnaldo\/","title":"Automoto vivi\u00f3 otro Encuentro Regional de Escuelitas - Noticias Radio Reflejos","type":"rich","width":600,"height":338,"html":"<blockquote class=\"wp-embedded-content\" data-secret=\"CJgytNuhEn\"><a href=\"https:\/\/www.noticiasradioreflejos.com.ar\/2021\/automoto-vivio-otro-encuentro-regional-de-escuelitas\/\">Automoto vivi\u00f3 otro Encuentro Regional de Escuelitas<\/a><\/blockquote><iframe sandbox=\"allow-scripts\" security=\"restricted\" src=\"https:\/\/www.noticiasradioreflejos.com.ar\/2021\/automoto-vivio-otro-encuentro-regional-de-escuelitas\/embed\/#?secret=CJgytNuhEn\" width=\"600\" height=\"338\" title=\"\u00abAutomoto vivi\u00f3 otro Encuentro Regional de Escuelitas\u00bb \u2014 Noticias Radio Reflejos\" data-secret=\"CJgytNuhEn\" frameborder=\"0\" marginwidth=\"0\" marginheight=\"0\" scrolling=\"no\" class=\"wp-embedded-content\"><\/iframe><script type=\"text\/javascript\">\n\/* <![CDATA[ *\/\n\/*! This file is auto-generated *\/\n!function(d,l){\"use strict\";l.querySelector&&d.addEventListener&&\"undefined\"!=typeof URL&&(d.wp=d.wp||{},d.wp.receiveEmbedMessage||(d.wp.receiveEmbedMessage=function(e){var t=e.data;if((t||t.secret||t.message||t.value)&&!\/[^a-zA-Z0-9]\/.test(t.secret)){for(var s,r,n,a=l.querySelectorAll('iframe[data-secret=\"'+t.secret+'\"]'),o=l.querySelectorAll('blockquote[data-secret=\"'+t.secret+'\"]'),c=new RegExp(\"^https?:$\",\"i\"),i=0;i<o.length;i++)o[i].style.display=\"none\";for(i=0;i<a.length;i++)s=a[i],e.source===s.contentWindow&&(s.removeAttribute(\"style\"),\"height\"===t.message?(1e3<(r=parseInt(t.value,10))?r=1e3:~~r<200&&(r=200),s.height=r):\"link\"===t.message&&(r=new URL(s.getAttribute(\"src\")),n=new URL(t.value),c.test(n.protocol))&&n.host===r.host&&l.activeElement===s&&(d.top.location.href=t.value))}},d.addEventListener(\"message\",d.wp.receiveEmbedMessage,!1),l.addEventListener(\"DOMContentLoaded\",function(){for(var e,t,s=l.querySelectorAll(\"iframe.wp-embedded-content\"),r=0;r<s.length;r++)(t=(e=s[r]).getAttribute(\"data-secret\"))||(t=Math.random().toString(36).substring(2,12),e.src+=\"#?secret=\"+t,e.setAttribute(\"data-secret\",t)),e.contentWindow.postMessage({message:\"ready\",secret:t},\"*\")},!1)))}(window,document);\n\/\/# sourceURL=https:\/\/www.noticiasradioreflejos.com.ar\/2021\/wp-includes\/js\/wp-embed.min.js\n\/* ]]> *\/\n<\/script>\n","description":"El mal clima no pudo detener el entusiasmo y la felicidad de los chicos corriendo detr\u00e1s de la pelota, como tampoco impidi\u00f3 la satisfacci\u00f3n de los padres que se dieron cita en las instalaciones del Automoto Club Deportivo, donde se realiz\u00f3 el 21\u00b0 Encuentro Regional de Escuelitas de F\u00fatbol. Fue una jornada inolvidable para los [&hellip;]","thumbnail_url":"http:\/\/farm9.staticflickr.com\/8416\/29617607583_310e23180e.jpg"}

Automoto vivió otro Encuentro Regional de Escuelitas - Noticias Radio Reflejos

<blockquote class="wp-embedded-content" data-secret="CJgytNuhEn"><a href="https://www.noticiasradioreflejos.com.ar/2021/automoto-vivio-otro-encuentro-regional-de-escuelitas/">Automoto vivió otro Encuentro Regional de Escuelitas</a></blockquote><iframe sandbox="allow-scripts" security="restricted" src="https://www.noticiasradioreflejos.com.ar/2021/automoto-vivio-otro-encuentro-regional-de-escuelitas/embed/#?secret=CJgytNuhEn" width="600" height="338" title="«Automoto vivió otro Encuentro Regional de Escuelitas» — Noticias Radio Reflejos" data-secret="CJgytNuhEn" frameborder="0" marginwidth="0" marginheight="0" scrolling="no" class="wp-embedded-content"></iframe><script type="text/javascript">
/* <![CDATA[ */
/*! This file is auto-generated */
!function(d,l){"use strict";l.querySelector&&d.addEventListener&&"undefined"!=typeof URL&&(d.wp=d.wp||{},d.wp.receiveEmbedMessage||(d.wp.receiveEmbedMessage=function(e){var t=e.data;if((t||t.secret||t.message||t.value)&&!/[^a-zA-Z0-9]/.test(t.secret)){for(var s,r,n,a=l.querySelectorAll('iframe[data-secret="'+t.secret+'"]'),o=l.querySelectorAll('blockquote[data-secret="'+t.secret+'"]'),c=new RegExp("^https?:$","i"),i=0;i<o.length;i++)o[i].style.display="none";for(i=0;i<a.length;i++)s=a[i],e.source===s.contentWindow&&(s.removeAttribute("style"),"height"===t.message?(1e3<(r=parseInt(t.value,10))?r=1e3:~~r<200&&(r=200),s.height=r):"link"===t.message&&(r=new URL(s.getAttribute("src")),n=new URL(t.value),c.test(n.protocol))&&n.host===r.host&&l.activeElement===s&&(d.top.location.href=t.value))}},d.addEventListener("message",d.wp.receiveEmbedMessage,!1),l.addEventListener("DOMContentLoaded",function(){for(var e,t,s=l.querySelectorAll("iframe.wp-embedded-content"),r=0;r<s.length;r++)(t=(e=s[r]).getAttribute("data-secret"))||(t=Math.random().toString(36).substring(2,12),e.src+="#?secret="+t,e.setAttribute("data-secret",t)),e.contentWindow.postMessage({message:"ready",secret:t},"*")},!1)))}(window,document);
//# sourceURL=https://www.noticiasradioreflejos.com.ar/2021/wp-includes/js/wp-embed.min.js
/* ]]> */
</script>

El mal clima no pudo detener el entusiasmo y la felicidad de los chicos corriendo detrás de la pelota, como tampoco impidió la satisfacción de los padres que se dieron cita en las instalaciones del Automoto Club Deportivo, donde se realizó el 21° Encuentro Regional de Escuelitas de Fútbol. Fue una jornada inolvidable para los [&hellip;]
