{"version":"1.0","provider_name":"Noticias Radio Reflejos","provider_url":"https:\/\/www.noticiasradioreflejos.com.ar\/2021","author_name":"Arnaldo Botto","author_url":"https:\/\/www.noticiasradioreflejos.com.ar\/2021\/author\/arnaldo\/","title":"Asueto por el aniversario de Tornquist - Noticias Radio Reflejos","type":"rich","width":600,"height":338,"html":"<blockquote class=\"wp-embedded-content\" data-secret=\"8XQm7FXj3H\"><a href=\"https:\/\/www.noticiasradioreflejos.com.ar\/2021\/asueto-por-el-aniversario-de-tornquist\/\">Asueto por el aniversario de Tornquist<\/a><\/blockquote><iframe sandbox=\"allow-scripts\" security=\"restricted\" src=\"https:\/\/www.noticiasradioreflejos.com.ar\/2021\/asueto-por-el-aniversario-de-tornquist\/embed\/#?secret=8XQm7FXj3H\" width=\"600\" height=\"338\" title=\"\u00abAsueto por el aniversario de Tornquist\u00bb \u2014 Noticias Radio Reflejos\" data-secret=\"8XQm7FXj3H\" frameborder=\"0\" marginwidth=\"0\" marginheight=\"0\" scrolling=\"no\" class=\"wp-embedded-content\"><\/iframe><script type=\"text\/javascript\">\n\/* <![CDATA[ *\/\n\/*! This file is auto-generated *\/\n!function(d,l){\"use strict\";l.querySelector&&d.addEventListener&&\"undefined\"!=typeof URL&&(d.wp=d.wp||{},d.wp.receiveEmbedMessage||(d.wp.receiveEmbedMessage=function(e){var t=e.data;if((t||t.secret||t.message||t.value)&&!\/[^a-zA-Z0-9]\/.test(t.secret)){for(var s,r,n,a=l.querySelectorAll('iframe[data-secret=\"'+t.secret+'\"]'),o=l.querySelectorAll('blockquote[data-secret=\"'+t.secret+'\"]'),c=new RegExp(\"^https?:$\",\"i\"),i=0;i<o.length;i++)o[i].style.display=\"none\";for(i=0;i<a.length;i++)s=a[i],e.source===s.contentWindow&&(s.removeAttribute(\"style\"),\"height\"===t.message?(1e3<(r=parseInt(t.value,10))?r=1e3:~~r<200&&(r=200),s.height=r):\"link\"===t.message&&(r=new URL(s.getAttribute(\"src\")),n=new URL(t.value),c.test(n.protocol))&&n.host===r.host&&l.activeElement===s&&(d.top.location.href=t.value))}},d.addEventListener(\"message\",d.wp.receiveEmbedMessage,!1),l.addEventListener(\"DOMContentLoaded\",function(){for(var e,t,s=l.querySelectorAll(\"iframe.wp-embedded-content\"),r=0;r<s.length;r++)(t=(e=s[r]).getAttribute(\"data-secret\"))||(t=Math.random().toString(36).substring(2,12),e.src+=\"#?secret=\"+t,e.setAttribute(\"data-secret\",t)),e.contentWindow.postMessage({message:\"ready\",secret:t},\"*\")},!1)))}(window,document);\n\/\/# sourceURL=https:\/\/www.noticiasradioreflejos.com.ar\/2021\/wp-includes\/js\/wp-embed.min.js\n\/* ]]> *\/\n<\/script>\n","thumbnail_url":"https:\/\/www.noticiasradioreflejos.com.ar\/2021\/wp-content\/uploads\/2016\/09\/su-linea-arquitectonica.jpg","thumbnail_width":1024,"thumbnail_height":768,"description":"El municipio de Tornquist estableci\u00f3, mediante decreto N\u00ba 0413\/17, asueto administrativo para el pr\u00f3ximo lunes 17 de abril en la ciudad cabecera, por el 134\u00b0 aniversario de la fundaci\u00f3n de la ciudad de Tornquist. En tal sentido se declara d\u00eda no laborable para la administraci\u00f3n p\u00fablica y Banco de la Provincia de Buenos Aires, y [&hellip;]"}

El municipio de Tornquist estableció, mediante decreto Nº 0413/17, asueto administrativo para el próximo lunes 17 de abril en la ciudad cabecera, por el 134° aniversario de la fundación de la ciudad de Tornquist. En tal sentido se declara día no laborable para la administración pública y Banco de la Provincia de Buenos Aires, y [&hellip;]
