{"version":"1.0","provider_name":"Noticias Radio Reflejos","provider_url":"https:\/\/www.noticiasradioreflejos.com.ar\/2021","author_name":"Arnaldo Botto","author_url":"https:\/\/www.noticiasradioreflejos.com.ar\/2021\/author\/arnaldo\/","title":"Arden las sierras en Saavedra, trabajan 5 dotaciones. - Noticias Radio Reflejos","type":"rich","width":600,"height":338,"html":"<blockquote class=\"wp-embedded-content\" data-secret=\"871oXGJezK\"><a href=\"https:\/\/www.noticiasradioreflejos.com.ar\/2021\/arden-las-sierras-en-saavedra-trabajan-5-dotaciones\/\">Arden las sierras en Saavedra, trabajan 5 dotaciones.<\/a><\/blockquote><iframe sandbox=\"allow-scripts\" security=\"restricted\" src=\"https:\/\/www.noticiasradioreflejos.com.ar\/2021\/arden-las-sierras-en-saavedra-trabajan-5-dotaciones\/embed\/#?secret=871oXGJezK\" width=\"600\" height=\"338\" title=\"\u00abArden las sierras en Saavedra, trabajan 5 dotaciones.\u00bb \u2014 Noticias Radio Reflejos\" data-secret=\"871oXGJezK\" frameborder=\"0\" marginwidth=\"0\" marginheight=\"0\" scrolling=\"no\" class=\"wp-embedded-content\"><\/iframe><script type=\"text\/javascript\">\n\/* <![CDATA[ *\/\n\/*! This file is auto-generated *\/\n!function(d,l){\"use strict\";l.querySelector&&d.addEventListener&&\"undefined\"!=typeof URL&&(d.wp=d.wp||{},d.wp.receiveEmbedMessage||(d.wp.receiveEmbedMessage=function(e){var t=e.data;if((t||t.secret||t.message||t.value)&&!\/[^a-zA-Z0-9]\/.test(t.secret)){for(var s,r,n,a=l.querySelectorAll('iframe[data-secret=\"'+t.secret+'\"]'),o=l.querySelectorAll('blockquote[data-secret=\"'+t.secret+'\"]'),c=new RegExp(\"^https?:$\",\"i\"),i=0;i<o.length;i++)o[i].style.display=\"none\";for(i=0;i<a.length;i++)s=a[i],e.source===s.contentWindow&&(s.removeAttribute(\"style\"),\"height\"===t.message?(1e3<(r=parseInt(t.value,10))?r=1e3:~~r<200&&(r=200),s.height=r):\"link\"===t.message&&(r=new URL(s.getAttribute(\"src\")),n=new URL(t.value),c.test(n.protocol))&&n.host===r.host&&l.activeElement===s&&(d.top.location.href=t.value))}},d.addEventListener(\"message\",d.wp.receiveEmbedMessage,!1),l.addEventListener(\"DOMContentLoaded\",function(){for(var e,t,s=l.querySelectorAll(\"iframe.wp-embedded-content\"),r=0;r<s.length;r++)(t=(e=s[r]).getAttribute(\"data-secret\"))||(t=Math.random().toString(36).substring(2,12),e.src+=\"#?secret=\"+t,e.setAttribute(\"data-secret\",t)),e.contentWindow.postMessage({message:\"ready\",secret:t},\"*\")},!1)))}(window,document);\n\/\/# sourceURL=https:\/\/www.noticiasradioreflejos.com.ar\/2021\/wp-includes\/js\/wp-embed.min.js\n\/* ]]> *\/\n<\/script>\n","description":"Poco despu\u00e9s de la una de la madrugada de hoy se reaviv\u00f3 el fuego en uno de los sectores donde los bomberos estuvieron trabajando durante la jornada de ayer. Las llamas se hab\u00edan reavivado y con el correr de las horas, el fuego comenz\u00f3 a tomar m\u00e1s intensidad, es por eso que entre las 5:30 [&hellip;]","thumbnail_url":"http:\/\/farm1.staticflickr.com\/451\/31685504391_f2f31e718a.jpg"}

Poco después de la una de la madrugada de hoy se reavivó el fuego en uno de los sectores donde los bomberos estuvieron trabajando durante la jornada de ayer. Las llamas se habían reavivado y con el correr de las horas, el fuego comenzó a tomar más intensidad, es por eso que entre las 5:30 [&hellip;]
