{"version":"1.0","provider_name":"Noticias Radio Reflejos","provider_url":"https:\/\/www.noticiasradioreflejos.com.ar\/2021","author_name":"Arnaldo Botto","author_url":"https:\/\/www.noticiasradioreflejos.com.ar\/2021\/author\/arnaldo\/","title":"25a Fiesta de la Golondrina en Villa Ventana sorteando un auto 0 km. - Noticias Radio Reflejos","type":"rich","width":600,"height":338,"html":"<blockquote class=\"wp-embedded-content\" data-secret=\"lWd4FlumIe\"><a href=\"https:\/\/www.noticiasradioreflejos.com.ar\/2021\/5324\/\">25a Fiesta de la Golondrina en Villa Ventana sorteando un auto 0 km.<\/a><\/blockquote><iframe sandbox=\"allow-scripts\" security=\"restricted\" src=\"https:\/\/www.noticiasradioreflejos.com.ar\/2021\/5324\/embed\/#?secret=lWd4FlumIe\" width=\"600\" height=\"338\" title=\"\u00ab25a Fiesta de la Golondrina en Villa Ventana sorteando un auto 0 km.\u00bb \u2014 Noticias Radio Reflejos\" data-secret=\"lWd4FlumIe\" frameborder=\"0\" marginwidth=\"0\" marginheight=\"0\" scrolling=\"no\" class=\"wp-embedded-content\"><\/iframe><script type=\"text\/javascript\">\n\/* <![CDATA[ *\/\n\/*! This file is auto-generated *\/\n!function(d,l){\"use strict\";l.querySelector&&d.addEventListener&&\"undefined\"!=typeof URL&&(d.wp=d.wp||{},d.wp.receiveEmbedMessage||(d.wp.receiveEmbedMessage=function(e){var t=e.data;if((t||t.secret||t.message||t.value)&&!\/[^a-zA-Z0-9]\/.test(t.secret)){for(var s,r,n,a=l.querySelectorAll('iframe[data-secret=\"'+t.secret+'\"]'),o=l.querySelectorAll('blockquote[data-secret=\"'+t.secret+'\"]'),c=new RegExp(\"^https?:$\",\"i\"),i=0;i<o.length;i++)o[i].style.display=\"none\";for(i=0;i<a.length;i++)s=a[i],e.source===s.contentWindow&&(s.removeAttribute(\"style\"),\"height\"===t.message?(1e3<(r=parseInt(t.value,10))?r=1e3:~~r<200&&(r=200),s.height=r):\"link\"===t.message&&(r=new URL(s.getAttribute(\"src\")),n=new URL(t.value),c.test(n.protocol))&&n.host===r.host&&l.activeElement===s&&(d.top.location.href=t.value))}},d.addEventListener(\"message\",d.wp.receiveEmbedMessage,!1),l.addEventListener(\"DOMContentLoaded\",function(){for(var e,t,s=l.querySelectorAll(\"iframe.wp-embedded-content\"),r=0;r<s.length;r++)(t=(e=s[r]).getAttribute(\"data-secret\"))||(t=Math.random().toString(36).substring(2,12),e.src+=\"#?secret=\"+t,e.setAttribute(\"data-secret\",t)),e.contentWindow.postMessage({message:\"ready\",secret:t},\"*\")},!1)))}(window,document);\n\/\/# sourceURL=https:\/\/www.noticiasradioreflejos.com.ar\/2021\/wp-includes\/js\/wp-embed.min.js\n\/* ]]> *\/\n<\/script>\n","description":"Los d\u00edas 21 y 22 de enero del 2017 se realizar\u00e1 la 25\u00b0 Fiesta Provincial de las Golondrinas en Villa Ventana. Con variados espect\u00e1culos para toda la familia, la presencia estelar de La Mosca, Feria de Artesanos, puestos de gastronom\u00eda y este a\u00f1o sumando el sorteo de un Auto 0Km que agrega una magia especial [&hellip;]","thumbnail_url":"http:\/\/farm1.staticflickr.com\/636\/31159515273_452c7f492f_z.jpg"}

Los días 21 y 22 de enero del 2017 se realizará la 25° Fiesta Provincial de las Golondrinas en Villa Ventana. Con variados espectáculos para toda la familia, la presencia estelar de La Mosca, Feria de Artesanos, puestos de gastronomía y este año sumando el sorteo de un Auto 0Km que agrega una magia especial [&hellip;]
