{"version":"1.0","provider_name":"Noticias Radio Reflejos","provider_url":"https:\/\/www.noticiasradioreflejos.com.ar\/2021","author_name":"Arnaldo Botto","author_url":"https:\/\/www.noticiasradioreflejos.com.ar\/2021\/author\/arnaldo\/","title":"Sierra de la Ventana despide a Bulldozer Blues Band antes de su hist\u00f3rico debut en el Cosqu\u00edn Rock - Noticias Radio Reflejos","type":"rich","width":600,"height":338,"html":"<blockquote class=\"wp-embedded-content\" data-secret=\"o7tjYcehVL\"><a href=\"https:\/\/www.noticiasradioreflejos.com.ar\/2021\/132013-2\/\">Sierra de la Ventana despide a Bulldozer Blues Band antes de su hist\u00f3rico debut en el Cosqu\u00edn Rock<\/a><\/blockquote><iframe sandbox=\"allow-scripts\" security=\"restricted\" src=\"https:\/\/www.noticiasradioreflejos.com.ar\/2021\/132013-2\/embed\/#?secret=o7tjYcehVL\" width=\"600\" height=\"338\" title=\"\u00abSierra de la Ventana despide a Bulldozer Blues Band antes de su hist\u00f3rico debut en el Cosqu\u00edn Rock\u00bb \u2014 Noticias Radio Reflejos\" data-secret=\"o7tjYcehVL\" frameborder=\"0\" marginwidth=\"0\" marginheight=\"0\" scrolling=\"no\" class=\"wp-embedded-content\"><\/iframe><script type=\"text\/javascript\">\n\/* <![CDATA[ *\/\n\/*! This file is auto-generated *\/\n!function(d,l){\"use strict\";l.querySelector&&d.addEventListener&&\"undefined\"!=typeof URL&&(d.wp=d.wp||{},d.wp.receiveEmbedMessage||(d.wp.receiveEmbedMessage=function(e){var t=e.data;if((t||t.secret||t.message||t.value)&&!\/[^a-zA-Z0-9]\/.test(t.secret)){for(var s,r,n,a=l.querySelectorAll('iframe[data-secret=\"'+t.secret+'\"]'),o=l.querySelectorAll('blockquote[data-secret=\"'+t.secret+'\"]'),c=new RegExp(\"^https?:$\",\"i\"),i=0;i<o.length;i++)o[i].style.display=\"none\";for(i=0;i<a.length;i++)s=a[i],e.source===s.contentWindow&&(s.removeAttribute(\"style\"),\"height\"===t.message?(1e3<(r=parseInt(t.value,10))?r=1e3:~~r<200&&(r=200),s.height=r):\"link\"===t.message&&(r=new URL(s.getAttribute(\"src\")),n=new URL(t.value),c.test(n.protocol))&&n.host===r.host&&l.activeElement===s&&(d.top.location.href=t.value))}},d.addEventListener(\"message\",d.wp.receiveEmbedMessage,!1),l.addEventListener(\"DOMContentLoaded\",function(){for(var e,t,s=l.querySelectorAll(\"iframe.wp-embedded-content\"),r=0;r<s.length;r++)(t=(e=s[r]).getAttribute(\"data-secret\"))||(t=Math.random().toString(36).substring(2,12),e.src+=\"#?secret=\"+t,e.setAttribute(\"data-secret\",t)),e.contentWindow.postMessage({message:\"ready\",secret:t},\"*\")},!1)))}(window,document);\n\/\/# sourceURL=https:\/\/www.noticiasradioreflejos.com.ar\/2021\/wp-includes\/js\/wp-embed.min.js\n\/* ]]> *\/\n<\/script>\n","thumbnail_url":"https:\/\/www.noticiasradioreflejos.com.ar\/2021\/wp-content\/uploads\/2025\/10\/bulldozer.jpeg","thumbnail_width":1132,"thumbnail_height":755,"description":"Federico Obes, integrante de la banda serrana Bulldozer Blues, brind\u00f3 detalles en FM REFLEJOS del festival que se realizar\u00e1 este s\u00e1bado 31 en la calle Roca. El evento funcionar\u00e1 como un agasajo para el p\u00fablico local antes de que el grupo parta hacia C\u00f3rdoba para representar a Sierra de la Ventana en el festival de [&hellip;]"}

Sierra de la Ventana despide a Bulldozer Blues Band antes de su histórico debut en el Cosquín Rock - Noticias Radio Reflejos

<blockquote class="wp-embedded-content" data-secret="o7tjYcehVL"><a href="https://www.noticiasradioreflejos.com.ar/2021/132013-2/">Sierra de la Ventana despide a Bulldozer Blues Band antes de su histórico debut en el Cosquín Rock</a></blockquote><iframe sandbox="allow-scripts" security="restricted" src="https://www.noticiasradioreflejos.com.ar/2021/132013-2/embed/#?secret=o7tjYcehVL" width="600" height="338" title="«Sierra de la Ventana despide a Bulldozer Blues Band antes de su histórico debut en el Cosquín Rock» — Noticias Radio Reflejos" data-secret="o7tjYcehVL" frameborder="0" marginwidth="0" marginheight="0" scrolling="no" class="wp-embedded-content"></iframe><script type="text/javascript">
/* <![CDATA[ */
/*! This file is auto-generated */
!function(d,l){"use strict";l.querySelector&&d.addEventListener&&"undefined"!=typeof URL&&(d.wp=d.wp||{},d.wp.receiveEmbedMessage||(d.wp.receiveEmbedMessage=function(e){var t=e.data;if((t||t.secret||t.message||t.value)&&!/[^a-zA-Z0-9]/.test(t.secret)){for(var s,r,n,a=l.querySelectorAll('iframe[data-secret="'+t.secret+'"]'),o=l.querySelectorAll('blockquote[data-secret="'+t.secret+'"]'),c=new RegExp("^https?:$","i"),i=0;i<o.length;i++)o[i].style.display="none";for(i=0;i<a.length;i++)s=a[i],e.source===s.contentWindow&&(s.removeAttribute("style"),"height"===t.message?(1e3<(r=parseInt(t.value,10))?r=1e3:~~r<200&&(r=200),s.height=r):"link"===t.message&&(r=new URL(s.getAttribute("src")),n=new URL(t.value),c.test(n.protocol))&&n.host===r.host&&l.activeElement===s&&(d.top.location.href=t.value))}},d.addEventListener("message",d.wp.receiveEmbedMessage,!1),l.addEventListener("DOMContentLoaded",function(){for(var e,t,s=l.querySelectorAll("iframe.wp-embedded-content"),r=0;r<s.length;r++)(t=(e=s[r]).getAttribute("data-secret"))||(t=Math.random().toString(36).substring(2,12),e.src+="#?secret="+t,e.setAttribute("data-secret",t)),e.contentWindow.postMessage({message:"ready",secret:t},"*")},!1)))}(window,document);
//# sourceURL=https://www.noticiasradioreflejos.com.ar/2021/wp-includes/js/wp-embed.min.js
/* ]]> */
</script>

Federico Obes, integrante de la banda serrana Bulldozer Blues, brindó detalles en FM REFLEJOS del festival que se realizará este sábado 31 en la calle Roca. El evento funcionará como un agasajo para el público local antes de que el grupo parta hacia Córdoba para representar a Sierra de la Ventana en el festival de [&hellip;]
