{"version":"1.0","provider_name":"Noticias Radio Reflejos","provider_url":"https:\/\/www.noticiasradioreflejos.com.ar\/2021","author_name":"Arnaldo Botto","author_url":"https:\/\/www.noticiasradioreflejos.com.ar\/2021\/author\/arnaldo\/","title":"10 de Junio: D\u00eda de la Seguridad Vial - Noticias Radio Reflejos","type":"rich","width":600,"height":338,"html":"<blockquote class=\"wp-embedded-content\" data-secret=\"vE90ptqbkV\"><a href=\"https:\/\/www.noticiasradioreflejos.com.ar\/2021\/10-de-junio-dia-de-la-seguridad-vial\/\">10 de Junio: D\u00eda de la Seguridad Vial<\/a><\/blockquote><iframe sandbox=\"allow-scripts\" security=\"restricted\" src=\"https:\/\/www.noticiasradioreflejos.com.ar\/2021\/10-de-junio-dia-de-la-seguridad-vial\/embed\/#?secret=vE90ptqbkV\" width=\"600\" height=\"338\" title=\"\u00ab10 de Junio: D\u00eda de la Seguridad Vial\u00bb \u2014 Noticias Radio Reflejos\" data-secret=\"vE90ptqbkV\" frameborder=\"0\" marginwidth=\"0\" marginheight=\"0\" scrolling=\"no\" class=\"wp-embedded-content\"><\/iframe><script type=\"text\/javascript\">\n\/* <![CDATA[ *\/\n\/*! This file is auto-generated *\/\n!function(d,l){\"use strict\";l.querySelector&&d.addEventListener&&\"undefined\"!=typeof URL&&(d.wp=d.wp||{},d.wp.receiveEmbedMessage||(d.wp.receiveEmbedMessage=function(e){var t=e.data;if((t||t.secret||t.message||t.value)&&!\/[^a-zA-Z0-9]\/.test(t.secret)){for(var s,r,n,a=l.querySelectorAll('iframe[data-secret=\"'+t.secret+'\"]'),o=l.querySelectorAll('blockquote[data-secret=\"'+t.secret+'\"]'),c=new RegExp(\"^https?:$\",\"i\"),i=0;i<o.length;i++)o[i].style.display=\"none\";for(i=0;i<a.length;i++)s=a[i],e.source===s.contentWindow&&(s.removeAttribute(\"style\"),\"height\"===t.message?(1e3<(r=parseInt(t.value,10))?r=1e3:~~r<200&&(r=200),s.height=r):\"link\"===t.message&&(r=new URL(s.getAttribute(\"src\")),n=new URL(t.value),c.test(n.protocol))&&n.host===r.host&&l.activeElement===s&&(d.top.location.href=t.value))}},d.addEventListener(\"message\",d.wp.receiveEmbedMessage,!1),l.addEventListener(\"DOMContentLoaded\",function(){for(var e,t,s=l.querySelectorAll(\"iframe.wp-embedded-content\"),r=0;r<s.length;r++)(t=(e=s[r]).getAttribute(\"data-secret\"))||(t=Math.random().toString(36).substring(2,12),e.src+=\"#?secret=\"+t,e.setAttribute(\"data-secret\",t)),e.contentWindow.postMessage({message:\"ready\",secret:t},\"*\")},!1)))}(window,document);\n\/\/# sourceURL=https:\/\/www.noticiasradioreflejos.com.ar\/2021\/wp-includes\/js\/wp-embed.min.js\n\/* ]]> *\/\n<\/script>\n","description":"\u00bfPor qu\u00e9 otros pueden y nosotros no? Disminuci\u00f3n internacional de muertos en siniestros de tr\u00e1nsito En los primeros siete a\u00f1os del Decenio de Acci\u00f3n para la Seguridad Vial fijado por la ONU\u00a0no se ha logrado disminuir significativamente los muertos en el tr\u00e1nsito.","thumbnail_url":"https:\/\/ci5.googleusercontent.com\/proxy\/4IA4W7XaE7PskCq7onMxxwJUzlK8nYAfLYMo6QV3NPbERpPhIstXO0rWl9RxcbC8pBlBH2SioHJbNGCdMeu-a34U8nf3En3gx_OWmElir9VMbbRi7mzGA22tOook8dvggYEPmRJy22xivHGLgw2KOYflQUN95LppwowKmru9xCehJgLP1UzgivfGGu96-wuoqKtrrHIk3_nT2Kn6JV9Z=s0-d-e1-ft#https:\/\/bucket.mlcdn.com\/a\/487\/487743\/images\/d5c9106550b912827778fbb622d68a77c323b738.jpeg\/36ffb077017e593a5e63f765484ac3abaa276f79.jpeg"}

10 de Junio: Día de la Seguridad Vial - Noticias Radio Reflejos

<blockquote class="wp-embedded-content" data-secret="vE90ptqbkV"><a href="https://www.noticiasradioreflejos.com.ar/2021/10-de-junio-dia-de-la-seguridad-vial/">10 de Junio: Día de la Seguridad Vial</a></blockquote><iframe sandbox="allow-scripts" security="restricted" src="https://www.noticiasradioreflejos.com.ar/2021/10-de-junio-dia-de-la-seguridad-vial/embed/#?secret=vE90ptqbkV" width="600" height="338" title="«10 de Junio: Día de la Seguridad Vial» — Noticias Radio Reflejos" data-secret="vE90ptqbkV" frameborder="0" marginwidth="0" marginheight="0" scrolling="no" class="wp-embedded-content"></iframe><script type="text/javascript">
/* <![CDATA[ */
/*! This file is auto-generated */
!function(d,l){"use strict";l.querySelector&&d.addEventListener&&"undefined"!=typeof URL&&(d.wp=d.wp||{},d.wp.receiveEmbedMessage||(d.wp.receiveEmbedMessage=function(e){var t=e.data;if((t||t.secret||t.message||t.value)&&!/[^a-zA-Z0-9]/.test(t.secret)){for(var s,r,n,a=l.querySelectorAll('iframe[data-secret="'+t.secret+'"]'),o=l.querySelectorAll('blockquote[data-secret="'+t.secret+'"]'),c=new RegExp("^https?:$","i"),i=0;i<o.length;i++)o[i].style.display="none";for(i=0;i<a.length;i++)s=a[i],e.source===s.contentWindow&&(s.removeAttribute("style"),"height"===t.message?(1e3<(r=parseInt(t.value,10))?r=1e3:~~r<200&&(r=200),s.height=r):"link"===t.message&&(r=new URL(s.getAttribute("src")),n=new URL(t.value),c.test(n.protocol))&&n.host===r.host&&l.activeElement===s&&(d.top.location.href=t.value))}},d.addEventListener("message",d.wp.receiveEmbedMessage,!1),l.addEventListener("DOMContentLoaded",function(){for(var e,t,s=l.querySelectorAll("iframe.wp-embedded-content"),r=0;r<s.length;r++)(t=(e=s[r]).getAttribute("data-secret"))||(t=Math.random().toString(36).substring(2,12),e.src+="#?secret="+t,e.setAttribute("data-secret",t)),e.contentWindow.postMessage({message:"ready",secret:t},"*")},!1)))}(window,document);
//# sourceURL=https://www.noticiasradioreflejos.com.ar/2021/wp-includes/js/wp-embed.min.js
/* ]]> */
</script>

¿Por qué otros pueden y nosotros no? Disminución internacional de muertos en siniestros de tránsito En los primeros siete años del Decenio de Acción para la Seguridad Vial fijado por la ONU no se ha logrado disminuir significativamente los muertos en el tránsito.
